{"id":37,"date":"2016-08-17T17:19:09","date_gmt":"2016-08-17T15:19:09","guid":{"rendered":"http:\/\/www.amis-musee-faience-quimper.fr\/?page_id=37"},"modified":"2024-01-16T11:47:17","modified_gmt":"2024-01-16T10:47:17","slug":"expositions","status":"publish","type":"page","link":"http:\/\/www.amis-musee-faience-quimper.fr\/index.php\/expositions\/","title":{"rendered":"Les expositions"},"content":{"rendered":"\n<p><strong><em>Tous les ans le Mus\u00e9e de la Fa\u00efence de Quimper pr\u00e9sente une nouvelle exposition th\u00e9matique.<\/em><\/strong><\/p>\n\n\n\n<p class=\"has-text-align-justify\">Vous pouvez visualiser les affiches des expositions pass\u00e9es. En cliquant sur le visuel de votre choix vous acc\u00e9derez au catalogue publi\u00e9 pour l&rsquo;occasion par notre association. Bonne d\u00e9couverte !<\/p>\n\n\n<div class=\"wp-block-image\">\n<figure class=\"alignleft size-full is-resized\"><a href=\"http:\/\/www.amis-musee-faience-quimper.fr\/index.php\/2023\/12\/20\/tresors-caches-paroles-de-collectionneurs-de-la-faience-de-quimper\/\"><img loading=\"lazy\" decoding=\"async\" width=\"380\" height=\"662\" src=\"http:\/\/www.amis-musee-faience-quimper.fr\/wp-content\/uploads\/2024\/01\/Tresors_caches_2024_affiche.jpg\" alt=\"Affiche 2024 &quot;Tr\u00e9sors cach\u00e9s&quot;\" class=\"wp-image-8111\" style=\"width:150px;height:261px\" srcset=\"http:\/\/www.amis-musee-faience-quimper.fr\/wp-content\/uploads\/2024\/01\/Tresors_caches_2024_affiche.jpg 380w, http:\/\/www.amis-musee-faience-quimper.fr\/wp-content\/uploads\/2024\/01\/Tresors_caches_2024_affiche-172x300.jpg 172w\" sizes=\"auto, (max-width: 380px) 100vw, 380px\" \/><\/a><\/figure>\n<\/div>\n\n<div class=\"wp-block-image\">\n<figure class=\"alignleft size-full is-resized\"><a href=\"http:\/\/www.amis-musee-faience-quimper.fr\/index.php\/2022\/12\/31\/marjatta-et-jean-claude-taburet-du-legendaire-celte-a-la-delicatesse-finlandaise\/\"><img loading=\"lazy\" decoding=\"async\" width=\"380\" height=\"662\" src=\"http:\/\/www.amis-musee-faience-quimper.fr\/wp-content\/uploads\/2023\/03\/Marjatta_Jean_Claude_Taburet.jpg\" alt=\"Marjatta et Jean-Claude Taburet du l\u00e9gendaire celte \u00e0 la d\u00e9licatesse finlandaise\" class=\"wp-image-7403\" style=\"width:150px;height:261px\" srcset=\"http:\/\/www.amis-musee-faience-quimper.fr\/wp-content\/uploads\/2023\/03\/Marjatta_Jean_Claude_Taburet.jpg 380w, http:\/\/www.amis-musee-faience-quimper.fr\/wp-content\/uploads\/2023\/03\/Marjatta_Jean_Claude_Taburet-172x300.jpg 172w\" sizes=\"auto, (max-width: 380px) 100vw, 380px\" \/><\/a><\/figure>\n<\/div>\n\n<div class=\"wp-block-image\">\n<figure class=\"alignleft size-full is-resized\"><a href=\"http:\/\/www.amis-musee-faience-quimper.fr\/index.php\/2022\/03\/28\/les-merveilles-de-la-faiencerie-porquier-beau-2\/\"><img loading=\"lazy\" decoding=\"async\" width=\"380\" height=\"662\" src=\"http:\/\/www.amis-musee-faience-quimper.fr\/wp-content\/uploads\/2022\/03\/2022.jpg\" alt=\"Les merveilles de la fa\u00efencerie Porquier-Beau\" class=\"wp-image-6236\" style=\"width:150px;height:261px\" srcset=\"http:\/\/www.amis-musee-faience-quimper.fr\/wp-content\/uploads\/2022\/03\/2022.jpg 380w, http:\/\/www.amis-musee-faience-quimper.fr\/wp-content\/uploads\/2022\/03\/2022-172x300.jpg 172w\" sizes=\"auto, (max-width: 380px) 100vw, 380px\" \/><\/a><\/figure>\n<\/div>\n\n<div class=\"wp-block-image is-style-default\">\n<figure class=\"alignleft size-large is-resized\"><a href=\"http:\/\/www.amis-musee-faience-quimper.fr\/index.php\/2020\/05\/13\/keraluc-une-faiencerie-au-service-des-artistes\/\"><img loading=\"lazy\" decoding=\"async\" width=\"380\" height=\"662\" src=\"http:\/\/www.amis-musee-faience-quimper.fr\/wp-content\/uploads\/2020\/10\/2020.jpg\" alt=\"Keraluc, une fa\u00efencerie au service des artistes.\" class=\"wp-image-4324\" style=\"width:150px;height:261px\" srcset=\"http:\/\/www.amis-musee-faience-quimper.fr\/wp-content\/uploads\/2020\/10\/2020.jpg 380w, http:\/\/www.amis-musee-faience-quimper.fr\/wp-content\/uploads\/2020\/10\/2020-172x300.jpg 172w\" sizes=\"auto, (max-width: 380px) 100vw, 380px\" \/><\/a><\/figure>\n<\/div>\n\n<div class=\"wp-block-image is-style-default\">\n<figure class=\"alignleft size-large is-resized\"><a href=\"http:\/\/www.amis-musee-faience-quimper.fr\/index.php\/2019\/04\/19\/quand-les-brodeurs-inspiraient-les-faienciers-2\/\"><img loading=\"lazy\" decoding=\"async\" width=\"380\" height=\"662\" src=\"http:\/\/www.amis-musee-faience-quimper.fr\/wp-content\/uploads\/2020\/10\/2019.jpg\" alt=\"Quand les brodeurs inspiraient les fa\u00efenciers.\" class=\"wp-image-4323\" style=\"width:150px;height:261px\" srcset=\"http:\/\/www.amis-musee-faience-quimper.fr\/wp-content\/uploads\/2020\/10\/2019.jpg 380w, http:\/\/www.amis-musee-faience-quimper.fr\/wp-content\/uploads\/2020\/10\/2019-172x300.jpg 172w\" sizes=\"auto, (max-width: 380px) 100vw, 380px\" \/><\/a><\/figure>\n<\/div>\n\n<div class=\"wp-block-image is-style-default\">\n<figure class=\"alignleft size-large is-resized\"><a href=\"http:\/\/www.amis-musee-faience-quimper.fr\/index.php\/2018\/04\/13\/jeanne-malivel-pionniere-de-lart-moderne-breton-1895-1926\/\"><img loading=\"lazy\" decoding=\"async\" width=\"380\" height=\"662\" src=\"http:\/\/www.amis-musee-faience-quimper.fr\/wp-content\/uploads\/2020\/10\/2018.jpg\" alt=\"Jeanne Malivel, pionni\u00e8re de l\u2019art moderne breton.\" class=\"wp-image-4322\" style=\"width:150px;height:261px\" srcset=\"http:\/\/www.amis-musee-faience-quimper.fr\/wp-content\/uploads\/2020\/10\/2018.jpg 380w, http:\/\/www.amis-musee-faience-quimper.fr\/wp-content\/uploads\/2020\/10\/2018-172x300.jpg 172w\" sizes=\"auto, (max-width: 380px) 100vw, 380px\" \/><\/a><\/figure>\n<\/div>\n\n<div class=\"wp-block-image is-style-default\">\n<figure class=\"alignleft size-large is-resized\"><a href=\"http:\/\/www.amis-musee-faience-quimper.fr\/index.php\/2017\/04\/18\/armor-argoat-la-bretagne-au-travail\/\"><img loading=\"lazy\" decoding=\"async\" width=\"380\" height=\"662\" src=\"http:\/\/www.amis-musee-faience-quimper.fr\/wp-content\/uploads\/2020\/10\/2017.jpg\" alt=\"Armor, Argoat La Bretagne au travail.\" class=\"wp-image-4321\" style=\"width:150px;height:261px\" srcset=\"http:\/\/www.amis-musee-faience-quimper.fr\/wp-content\/uploads\/2020\/10\/2017.jpg 380w, http:\/\/www.amis-musee-faience-quimper.fr\/wp-content\/uploads\/2020\/10\/2017-172x300.jpg 172w\" sizes=\"auto, (max-width: 380px) 100vw, 380px\" \/><\/a><\/figure>\n<\/div>\n\n<div class=\"wp-block-image is-style-default\">\n<figure class=\"alignleft size-large is-resized\"><a href=\"http:\/\/www.amis-musee-faience-quimper.fr\/index.php\/2016\/09\/01\/les-femmes-et-les-enfants-dabord\/\"><img loading=\"lazy\" decoding=\"async\" width=\"380\" height=\"662\" src=\"http:\/\/www.amis-musee-faience-quimper.fr\/wp-content\/uploads\/2020\/10\/2016.jpg\" alt=\"Les femmes et les enfants d\u2019abord\u2026\" class=\"wp-image-4320\" style=\"width:150px;height:261px\" srcset=\"http:\/\/www.amis-musee-faience-quimper.fr\/wp-content\/uploads\/2020\/10\/2016.jpg 380w, http:\/\/www.amis-musee-faience-quimper.fr\/wp-content\/uploads\/2020\/10\/2016-172x300.jpg 172w\" sizes=\"auto, (max-width: 380px) 100vw, 380px\" \/><\/a><\/figure>\n<\/div>\n\n<div class=\"wp-block-image is-style-default\">\n<figure class=\"alignleft size-large is-resized\"><a href=\"http:\/\/www.amis-musee-faience-quimper.fr\/index.php\/2016\/09\/01\/paul-fouillen-faiencier-quimperois-maurice-fouillen\/\"><img loading=\"lazy\" decoding=\"async\" width=\"380\" height=\"662\" src=\"http:\/\/www.amis-musee-faience-quimper.fr\/wp-content\/uploads\/2020\/10\/2015.jpg\" alt=\"Paul Fouillen fa\u00efencier quimp\u00e9rois, Maurice Fouillen.\" class=\"wp-image-4319\" style=\"width:150px;height:261px\" srcset=\"http:\/\/www.amis-musee-faience-quimper.fr\/wp-content\/uploads\/2020\/10\/2015.jpg 380w, http:\/\/www.amis-musee-faience-quimper.fr\/wp-content\/uploads\/2020\/10\/2015-172x300.jpg 172w\" sizes=\"auto, (max-width: 380px) 100vw, 380px\" \/><\/a><\/figure>\n<\/div>\n\n<div class=\"wp-block-image is-style-default\">\n<figure class=\"alignleft size-large is-resized\"><a href=\"http:\/\/www.amis-musee-faience-quimper.fr\/index.php\/2016\/09\/01\/1931-quimper-et-lexposition-coloniale\/\"><img loading=\"lazy\" decoding=\"async\" width=\"380\" height=\"662\" src=\"http:\/\/www.amis-musee-faience-quimper.fr\/wp-content\/uploads\/2020\/10\/2014.jpg\" alt=\"1931 Quimper et l\u2019exposition coloniale.\" class=\"wp-image-4318\" style=\"width:150px;height:261px\" srcset=\"http:\/\/www.amis-musee-faience-quimper.fr\/wp-content\/uploads\/2020\/10\/2014.jpg 380w, http:\/\/www.amis-musee-faience-quimper.fr\/wp-content\/uploads\/2020\/10\/2014-172x300.jpg 172w\" sizes=\"auto, (max-width: 380px) 100vw, 380px\" \/><\/a><\/figure>\n<\/div>\n\n<div class=\"wp-block-image is-style-default\">\n<figure class=\"alignleft size-large is-resized\"><a href=\"http:\/\/www.amis-musee-faience-quimper.fr\/index.php\/2016\/09\/01\/rene-yves-creston-du-trait-a-la-faience-et-suzanne-candre-creston\/\"><img loading=\"lazy\" decoding=\"async\" width=\"380\" height=\"662\" src=\"http:\/\/www.amis-musee-faience-quimper.fr\/wp-content\/uploads\/2020\/10\/2013.jpg\" alt=\"Ren\u00e9-Yves Creston du trait \u00e0 la fa\u00efence et Suzanne Candr\u00e9-Creston.\" class=\"wp-image-4317\" style=\"width:150px;height:261px\" srcset=\"http:\/\/www.amis-musee-faience-quimper.fr\/wp-content\/uploads\/2020\/10\/2013.jpg 380w, http:\/\/www.amis-musee-faience-quimper.fr\/wp-content\/uploads\/2020\/10\/2013-172x300.jpg 172w\" sizes=\"auto, (max-width: 380px) 100vw, 380px\" \/><\/a><\/figure>\n<\/div>\n\n<div class=\"wp-block-image is-style-default\">\n<figure class=\"alignleft size-large is-resized\"><a href=\"http:\/\/www.amis-musee-faience-quimper.fr\/index.php\/2016\/09\/01\/jim-e-sevellec-peintre-et-ceramiste\/\"><img loading=\"lazy\" decoding=\"async\" width=\"380\" height=\"662\" src=\"http:\/\/www.amis-musee-faience-quimper.fr\/wp-content\/uploads\/2020\/10\/2012.jpg\" alt=\"Jim E. S\u00e9vellec peintre et c\u00e9ramiste.\" class=\"wp-image-4316\" style=\"width:150px;height:261px\" srcset=\"http:\/\/www.amis-musee-faience-quimper.fr\/wp-content\/uploads\/2020\/10\/2012.jpg 380w, http:\/\/www.amis-musee-faience-quimper.fr\/wp-content\/uploads\/2020\/10\/2012-172x300.jpg 172w\" sizes=\"auto, (max-width: 380px) 100vw, 380px\" \/><\/a><\/figure>\n<\/div>\n\n<div class=\"wp-block-image is-style-default\">\n<figure class=\"alignleft size-large is-resized\"><a href=\"http:\/\/www.amis-musee-faience-quimper.fr\/index.php\/2016\/08\/31\/odetta-les-gres-dart-de-quimper\/\"><img loading=\"lazy\" decoding=\"async\" width=\"380\" height=\"662\" src=\"http:\/\/www.amis-musee-faience-quimper.fr\/wp-content\/uploads\/2020\/10\/2011.jpg\" alt=\"Odetta les gr\u00e8s d\u2019art de Quimper.\" class=\"wp-image-4315\" style=\"width:150px;height:261px\" srcset=\"http:\/\/www.amis-musee-faience-quimper.fr\/wp-content\/uploads\/2020\/10\/2011.jpg 380w, http:\/\/www.amis-musee-faience-quimper.fr\/wp-content\/uploads\/2020\/10\/2011-172x300.jpg 172w\" sizes=\"auto, (max-width: 380px) 100vw, 380px\" \/><\/a><\/figure>\n<\/div>\n\n<div class=\"wp-block-image is-style-default\">\n<figure class=\"alignleft size-large is-resized\"><a href=\"http:\/\/www.amis-musee-faience-quimper.fr\/index.php\/2016\/08\/31\/yvain\/\"><img loading=\"lazy\" decoding=\"async\" width=\"380\" height=\"662\" src=\"http:\/\/www.amis-musee-faience-quimper.fr\/wp-content\/uploads\/2020\/10\/2006.jpg\" alt=\"Yvain.\" class=\"wp-image-4314\" style=\"width:150px;height:261px\" srcset=\"http:\/\/www.amis-musee-faience-quimper.fr\/wp-content\/uploads\/2020\/10\/2006.jpg 380w, http:\/\/www.amis-musee-faience-quimper.fr\/wp-content\/uploads\/2020\/10\/2006-172x300.jpg 172w\" sizes=\"auto, (max-width: 380px) 100vw, 380px\" \/><\/a><\/figure>\n<\/div>\n\n<div class=\"wp-block-image is-style-default\">\n<figure class=\"alignleft size-large is-resized\"><a href=\"http:\/\/www.amis-musee-faience-quimper.fr\/index.php\/2016\/08\/31\/louis-henri-nicot-sculpteur-breton\/\"><img loading=\"lazy\" decoding=\"async\" width=\"380\" height=\"662\" src=\"http:\/\/www.amis-musee-faience-quimper.fr\/wp-content\/uploads\/2020\/10\/2005.jpg\" alt=\"Louis Henri Nicot sculpteur Breton.\" class=\"wp-image-4313\" style=\"width:150px;height:261px\" srcset=\"http:\/\/www.amis-musee-faience-quimper.fr\/wp-content\/uploads\/2020\/10\/2005.jpg 380w, http:\/\/www.amis-musee-faience-quimper.fr\/wp-content\/uploads\/2020\/10\/2005-172x300.jpg 172w\" sizes=\"auto, (max-width: 380px) 100vw, 380px\" \/><\/a><\/figure>\n<\/div>\n\n<div class=\"wp-block-image is-style-default\">\n<figure class=\"alignleft size-large is-resized\"><a href=\"http:\/\/www.amis-musee-faience-quimper.fr\/index.php\/2016\/08\/31\/robert-micheau-vernez-tradition-et-modernite\/\"><img loading=\"lazy\" decoding=\"async\" width=\"380\" height=\"662\" src=\"http:\/\/www.amis-musee-faience-quimper.fr\/wp-content\/uploads\/2020\/10\/2004.jpg\" alt=\"Robert Micheau-Vernez tradition et modernit\u00e9.\" class=\"wp-image-4312\" style=\"width:150px;height:261px\" srcset=\"http:\/\/www.amis-musee-faience-quimper.fr\/wp-content\/uploads\/2020\/10\/2004.jpg 380w, http:\/\/www.amis-musee-faience-quimper.fr\/wp-content\/uploads\/2020\/10\/2004-172x300.jpg 172w\" sizes=\"auto, (max-width: 380px) 100vw, 380px\" \/><\/a><\/figure>\n<\/div>\n\n<div class=\"wp-block-image is-style-default\">\n<figure class=\"alignleft size-large is-resized\"><a href=\"http:\/\/www.amis-musee-faience-quimper.fr\/index.php\/2016\/08\/31\/mathurin-et-maryvonne-meheut-ceramique\/\"><img loading=\"lazy\" decoding=\"async\" width=\"380\" height=\"662\" src=\"http:\/\/www.amis-musee-faience-quimper.fr\/wp-content\/uploads\/2020\/10\/2003.jpg\" alt=\"Mathurin et Maryvonne M\u00e9heut c\u00e9ramique.\" class=\"wp-image-4311\" style=\"width:150px;height:261px\" srcset=\"http:\/\/www.amis-musee-faience-quimper.fr\/wp-content\/uploads\/2020\/10\/2003.jpg 380w, http:\/\/www.amis-musee-faience-quimper.fr\/wp-content\/uploads\/2020\/10\/2003-172x300.jpg 172w\" sizes=\"auto, (max-width: 380px) 100vw, 380px\" \/><\/a><\/figure>\n<\/div>\n\n<div class=\"wp-block-image is-style-default\">\n<figure class=\"alignleft size-large is-resized\"><a href=\"http:\/\/www.amis-musee-faience-quimper.fr\/index.php\/2016\/08\/31\/444\/\"><img loading=\"lazy\" decoding=\"async\" width=\"380\" height=\"662\" src=\"http:\/\/www.amis-musee-faience-quimper.fr\/wp-content\/uploads\/2020\/10\/2002.jpg\" alt=\"Et Quimper entra dans le monde des artistes \u2013 Henry Guiheneuc, Alfred Beau, Th\u00e9ophile Deyrolle \u2026\" class=\"wp-image-4310\" style=\"width:150px;height:261px\" srcset=\"http:\/\/www.amis-musee-faience-quimper.fr\/wp-content\/uploads\/2020\/10\/2002.jpg 380w, http:\/\/www.amis-musee-faience-quimper.fr\/wp-content\/uploads\/2020\/10\/2002-172x300.jpg 172w\" sizes=\"auto, (max-width: 380px) 100vw, 380px\" \/><\/a><\/figure>\n<\/div>\n\n<div class=\"wp-block-image is-style-default\">\n<figure class=\"alignleft size-large is-resized\"><a href=\"http:\/\/www.amis-musee-faience-quimper.fr\/index.php\/2016\/08\/31\/enrique-marin\/\"><img loading=\"lazy\" decoding=\"async\" width=\"380\" height=\"662\" src=\"http:\/\/www.amis-musee-faience-quimper.fr\/wp-content\/uploads\/2020\/10\/2001.jpg\" alt=\"Enrique Marin.\" class=\"wp-image-4309\" style=\"width:150px;height:261px\" srcset=\"http:\/\/www.amis-musee-faience-quimper.fr\/wp-content\/uploads\/2020\/10\/2001.jpg 380w, http:\/\/www.amis-musee-faience-quimper.fr\/wp-content\/uploads\/2020\/10\/2001-172x300.jpg 172w\" sizes=\"auto, (max-width: 380px) 100vw, 380px\" \/><\/a><\/figure>\n<\/div>\n\n<div class=\"wp-block-image is-style-default\">\n<figure class=\"alignleft size-large is-resized\"><a href=\"http:\/\/www.amis-musee-faience-quimper.fr\/index.php\/2016\/08\/31\/432\/\"><img loading=\"lazy\" decoding=\"async\" width=\"380\" height=\"662\" src=\"http:\/\/www.amis-musee-faience-quimper.fr\/wp-content\/uploads\/2020\/10\/2000.jpg\" alt=\"Berthe Savigny.\" class=\"wp-image-4308\" style=\"width:150px;height:261px\" srcset=\"http:\/\/www.amis-musee-faience-quimper.fr\/wp-content\/uploads\/2020\/10\/2000.jpg 380w, http:\/\/www.amis-musee-faience-quimper.fr\/wp-content\/uploads\/2020\/10\/2000-172x300.jpg 172w\" sizes=\"auto, (max-width: 380px) 100vw, 380px\" \/><\/a><\/figure>\n<\/div>\n\n<div class=\"wp-block-image is-style-default\">\n<figure class=\"alignleft size-large is-resized\"><a href=\"http:\/\/www.amis-musee-faience-quimper.fr\/index.php\/2016\/08\/31\/mes-plus-beaux-quimper\/\"><img loading=\"lazy\" decoding=\"async\" width=\"380\" height=\"662\" src=\"http:\/\/www.amis-musee-faience-quimper.fr\/wp-content\/uploads\/2020\/10\/1999.jpg\" alt=\"Mes plus beaux Quimper.\" class=\"wp-image-4307\" style=\"width:150px;height:261px\" srcset=\"http:\/\/www.amis-musee-faience-quimper.fr\/wp-content\/uploads\/2020\/10\/1999.jpg 380w, http:\/\/www.amis-musee-faience-quimper.fr\/wp-content\/uploads\/2020\/10\/1999-172x300.jpg 172w\" sizes=\"auto, (max-width: 380px) 100vw, 380px\" \/><\/a><\/figure>\n<\/div>\n\n<div class=\"wp-block-image is-style-default\">\n<figure class=\"alignleft size-large is-resized\"><a href=\"http:\/\/www.amis-musee-faience-quimper.fr\/index.php\/2016\/08\/31\/alexander-goudie-ceramique\/\"><img loading=\"lazy\" decoding=\"async\" width=\"380\" height=\"662\" src=\"http:\/\/www.amis-musee-faience-quimper.fr\/wp-content\/uploads\/2020\/10\/1998.jpg\" alt=\"Alexander Goudie c\u00e9ramique.\" class=\"wp-image-4306\" style=\"width:150px;height:261px\" srcset=\"http:\/\/www.amis-musee-faience-quimper.fr\/wp-content\/uploads\/2020\/10\/1998.jpg 380w, http:\/\/www.amis-musee-faience-quimper.fr\/wp-content\/uploads\/2020\/10\/1998-172x300.jpg 172w\" sizes=\"auto, (max-width: 380px) 100vw, 380px\" \/><\/a><\/figure>\n<\/div>\n\n<div class=\"wp-block-image is-style-default\">\n<figure class=\"alignleft size-large is-resized\"><a href=\"http:\/\/www.amis-musee-faience-quimper.fr\/index.php\/2016\/08\/31\/rene-quillivic-ceramiste\/\"><img loading=\"lazy\" decoding=\"async\" width=\"380\" height=\"662\" src=\"http:\/\/www.amis-musee-faience-quimper.fr\/wp-content\/uploads\/2020\/10\/1997.jpg\" alt=\"Ren\u00e9 Quillivic c\u00e9ramiste.\" class=\"wp-image-4305\" style=\"width:150px;height:261px\" srcset=\"http:\/\/www.amis-musee-faience-quimper.fr\/wp-content\/uploads\/2020\/10\/1997.jpg 380w, http:\/\/www.amis-musee-faience-quimper.fr\/wp-content\/uploads\/2020\/10\/1997-172x300.jpg 172w\" sizes=\"auto, (max-width: 380px) 100vw, 380px\" \/><\/a><\/figure>\n<\/div>\n\n<div class=\"wp-block-image is-style-default\">\n<figure class=\"alignleft size-large is-resized\"><a href=\"http:\/\/www.amis-musee-faience-quimper.fr\/index.php\/2016\/08\/31\/quimper-a-lexposition-coloniale\/\"><img loading=\"lazy\" decoding=\"async\" width=\"380\" height=\"662\" src=\"http:\/\/www.amis-musee-faience-quimper.fr\/wp-content\/uploads\/2020\/10\/1996.jpg\" alt=\"Quimper \u00e0 l\u2019exposition coloniale.\" class=\"wp-image-4304\" style=\"width:150px;height:261px\" srcset=\"http:\/\/www.amis-musee-faience-quimper.fr\/wp-content\/uploads\/2020\/10\/1996.jpg 380w, http:\/\/www.amis-musee-faience-quimper.fr\/wp-content\/uploads\/2020\/10\/1996-172x300.jpg 172w\" sizes=\"auto, (max-width: 380px) 100vw, 380px\" \/><\/a><\/figure>\n<\/div>\n\n<div class=\"wp-block-image is-style-default\">\n<figure class=\"alignleft size-large is-resized\"><img loading=\"lazy\" decoding=\"async\" width=\"380\" height=\"662\" src=\"http:\/\/www.amis-musee-faience-quimper.fr\/wp-content\/uploads\/2020\/10\/1995.jpg\" alt=\"Artistes et traditions.\" class=\"wp-image-4303\" style=\"width:150px;height:261px\" srcset=\"http:\/\/www.amis-musee-faience-quimper.fr\/wp-content\/uploads\/2020\/10\/1995.jpg 380w, http:\/\/www.amis-musee-faience-quimper.fr\/wp-content\/uploads\/2020\/10\/1995-172x300.jpg 172w\" sizes=\"auto, (max-width: 380px) 100vw, 380px\" \/><\/figure>\n<\/div>\n\n<div class=\"wp-block-image is-style-default\">\n<figure class=\"alignleft size-large is-resized\"><img loading=\"lazy\" decoding=\"async\" width=\"380\" height=\"662\" src=\"http:\/\/www.amis-musee-faience-quimper.fr\/wp-content\/uploads\/2020\/10\/1994.jpg\" alt=\"L\u00e9onardi.\" class=\"wp-image-4302\" style=\"width:150px;height:261px\" srcset=\"http:\/\/www.amis-musee-faience-quimper.fr\/wp-content\/uploads\/2020\/10\/1994.jpg 380w, http:\/\/www.amis-musee-faience-quimper.fr\/wp-content\/uploads\/2020\/10\/1994-172x300.jpg 172w\" sizes=\"auto, (max-width: 380px) 100vw, 380px\" \/><\/figure>\n<\/div>\n\n<div class=\"wp-block-image is-style-default\">\n<figure class=\"alignleft size-large is-resized\"><img loading=\"lazy\" decoding=\"async\" width=\"380\" height=\"662\" src=\"http:\/\/www.amis-musee-faience-quimper.fr\/wp-content\/uploads\/2020\/10\/1993.jpg\" alt=\"Ar Seiz Breur.\" class=\"wp-image-4301\" style=\"width:150px;height:261px\" srcset=\"http:\/\/www.amis-musee-faience-quimper.fr\/wp-content\/uploads\/2020\/10\/1993.jpg 380w, http:\/\/www.amis-musee-faience-quimper.fr\/wp-content\/uploads\/2020\/10\/1993-172x300.jpg 172w\" sizes=\"auto, (max-width: 380px) 100vw, 380px\" \/><\/figure>\n<\/div>\n\n<div class=\"wp-block-image is-style-default\">\n<figure class=\"alignleft size-large is-resized\"><img loading=\"lazy\" decoding=\"async\" width=\"380\" height=\"662\" src=\"http:\/\/www.amis-musee-faience-quimper.fr\/wp-content\/uploads\/2020\/10\/1992.jpg\" alt=\"Odetta.\" class=\"wp-image-4300\" style=\"width:150px;height:261px\" srcset=\"http:\/\/www.amis-musee-faience-quimper.fr\/wp-content\/uploads\/2020\/10\/1992.jpg 380w, http:\/\/www.amis-musee-faience-quimper.fr\/wp-content\/uploads\/2020\/10\/1992-172x300.jpg 172w\" sizes=\"auto, (max-width: 380px) 100vw, 380px\" \/><\/figure>\n<\/div>\n\n<div class=\"wp-block-image is-style-default\">\n<figure class=\"alignleft size-large is-resized\"><img loading=\"lazy\" decoding=\"async\" width=\"380\" height=\"662\" src=\"http:\/\/www.amis-musee-faience-quimper.fr\/wp-content\/uploads\/2020\/10\/1991.jpg\" alt=\"Vierges et Saints.\" class=\"wp-image-4299\" style=\"width:150px;height:261px\" srcset=\"http:\/\/www.amis-musee-faience-quimper.fr\/wp-content\/uploads\/2020\/10\/1991.jpg 380w, http:\/\/www.amis-musee-faience-quimper.fr\/wp-content\/uploads\/2020\/10\/1991-172x300.jpg 172w\" sizes=\"auto, (max-width: 380px) 100vw, 380px\" \/><\/figure>\n<\/div>","protected":false},"excerpt":{"rendered":"<p>Tous les ans le Mus\u00e9e de la Fa\u00efence de Quimper pr\u00e9sente une nouvelle exposition th\u00e9matique. Vous pouvez visualiser les affiches des expositions pass\u00e9es. En cliquant sur le visuel de votre choix vous acc\u00e9derez au catalogue publi\u00e9 pour l&rsquo;occasion par notre &hellip; <a href=\"http:\/\/www.amis-musee-faience-quimper.fr\/index.php\/expositions\/\">Continuer la lecture <span class=\"meta-nav\">&rarr;<\/span><\/a><\/p>\n","protected":false},"author":1,"featured_media":0,"parent":0,"menu_order":0,"comment_status":"closed","ping_status":"closed","template":"","meta":{"_monsterinsights_skip_tracking":false,"_monsterinsights_sitenote_active":false,"_monsterinsights_sitenote_note":"","_monsterinsights_sitenote_category":0,"jetpack_post_was_ever_published":false,"footnotes":""},"class_list":["post-37","page","type-page","status-publish","hentry"],"aioseo_notices":[],"jetpack_sharing_enabled":true,"jetpack_shortlink":"https:\/\/wp.me\/P8tKLp-B","_links":{"self":[{"href":"http:\/\/www.amis-musee-faience-quimper.fr\/index.php\/wp-json\/wp\/v2\/pages\/37","targetHints":{"allow":["GET"]}}],"collection":[{"href":"http:\/\/www.amis-musee-faience-quimper.fr\/index.php\/wp-json\/wp\/v2\/pages"}],"about":[{"href":"http:\/\/www.amis-musee-faience-quimper.fr\/index.php\/wp-json\/wp\/v2\/types\/page"}],"author":[{"embeddable":true,"href":"http:\/\/www.amis-musee-faience-quimper.fr\/index.php\/wp-json\/wp\/v2\/users\/1"}],"replies":[{"embeddable":true,"href":"http:\/\/www.amis-musee-faience-quimper.fr\/index.php\/wp-json\/wp\/v2\/comments?post=37"}],"version-history":[{"count":16,"href":"http:\/\/www.amis-musee-faience-quimper.fr\/index.php\/wp-json\/wp\/v2\/pages\/37\/revisions"}],"predecessor-version":[{"id":8116,"href":"http:\/\/www.amis-musee-faience-quimper.fr\/index.php\/wp-json\/wp\/v2\/pages\/37\/revisions\/8116"}],"wp:attachment":[{"href":"http:\/\/www.amis-musee-faience-quimper.fr\/index.php\/wp-json\/wp\/v2\/media?parent=37"}],"curies":[{"name":"wp","href":"https:\/\/api.w.org\/{rel}","templated":true}]}}