{"id":210,"date":"2016-08-28T22:35:43","date_gmt":"2016-08-28T20:35:43","guid":{"rendered":"http:\/\/www.amis-musee-faience-quimper.fr\/?page_id=210"},"modified":"2026-01-09T09:54:37","modified_gmt":"2026-01-09T08:54:37","slug":"les-catalogues-des-expositions","status":"publish","type":"page","link":"http:\/\/www.amis-musee-faience-quimper.fr\/index.php\/les-catalogues-des-expositions\/","title":{"rendered":"Les catalogues"},"content":{"rendered":"\n<p class=\"has-text-align-justify\"><strong><em>L\u2019association des Amis du Mus\u00e9e et de la Fa\u00efence de Quimper \u00e9dite le catalogue des expositions th\u00e9matiques du mus\u00e9e.<\/em><\/strong><\/p>\n\n\n\n<p><strong>Comment se les procurer ?<\/strong><\/p>\n\n\n\n<p class=\"has-text-align-justify\">Vous pouvez acheter ces publications : <\/p>\n\n\n\n<ul class=\"wp-block-list\">\n<li>en ligne via la <a href=\"https:\/\/www.helloasso.com\/associations\/amis-du-musee-et-de-la-faience-de-quimper\/boutiques\/catalogues-d-exposition\" target=\"_blank\" rel=\"noopener\" title=\"\">BOUTIQUE EN LIGNE DES AMIS<\/a><\/li>\n\n\n\n<li>au <a href=\"https:\/\/www.musee-faience-quimper.com\/\" target=\"_blank\" rel=\"noopener\" title=\"\">Mus\u00e9e de la Fa\u00efence<\/a>, (ouvert d&rsquo;avril \u00e0 fin septembre, du lundi au samedi, de 10h \u00e0 18h),<\/li>\n\n\n\n<li>\u00e0 la <a href=\"https:\/\/www.theallet.fr\/\" target=\"_blank\" rel=\"noopener\" title=\"\">Galerie Philippe Th\u00e9allet<\/a>, au 13 rue Sainte Catherine \u00e0 Quimper (ouvert toute l\u2019ann\u00e9e, du mardi au jeudi, de 13h30 \u00e0 19h &amp; les vendredis et samedis, de 10h30 \u00e0 19h).<br><\/li>\n\n\n\n<li>Nos livres sont \u00e9galement disponibles tous les ans sur notre stand, lors du Quimper c\u00e9ramique de d\u00e9but septembre et du salon des antiquaires de Quimper (week-end du 11 novembre).<\/li>\n<\/ul>\n\n\n\n<p class=\"has-text-align-justify\">N&rsquo;h\u00e9sitez pas \u00e0 cliquer sur les couvertures des catalogues pour obtenir de plus amples renseignements sur ces publications. Bonne visite !<\/p>\n\n\n<div class=\"wp-block-image\">\n<figure class=\"alignleft size-full is-resized\"><img loading=\"lazy\" decoding=\"async\" width=\"511\" height=\"667\" src=\"http:\/\/www.amis-musee-faience-quimper.fr\/wp-content\/uploads\/2025\/04\/Capture-decran-2025-04-16-142158.png\" alt=\"\" class=\"wp-image-8523\" style=\"width:150px;height:210px\" srcset=\"http:\/\/www.amis-musee-faience-quimper.fr\/wp-content\/uploads\/2025\/04\/Capture-decran-2025-04-16-142158.png 511w, http:\/\/www.amis-musee-faience-quimper.fr\/wp-content\/uploads\/2025\/04\/Capture-decran-2025-04-16-142158-230x300.png 230w\" sizes=\"auto, (max-width: 511px) 100vw, 511px\" \/><\/figure>\n<\/div>\n\n<div class=\"wp-block-image\">\n<figure class=\"alignleft size-full is-resized\"><img loading=\"lazy\" decoding=\"async\" width=\"1867\" height=\"2560\" src=\"http:\/\/www.amis-musee-faience-quimper.fr\/wp-content\/uploads\/2025\/04\/EXE-Catalogue-2025-COUV-V3-scaled.png\" alt=\"\" class=\"wp-image-8522\" style=\"width:150px;height:210px\" srcset=\"http:\/\/www.amis-musee-faience-quimper.fr\/wp-content\/uploads\/2025\/04\/EXE-Catalogue-2025-COUV-V3-scaled.png 1867w, http:\/\/www.amis-musee-faience-quimper.fr\/wp-content\/uploads\/2025\/04\/EXE-Catalogue-2025-COUV-V3-219x300.png 219w, http:\/\/www.amis-musee-faience-quimper.fr\/wp-content\/uploads\/2025\/04\/EXE-Catalogue-2025-COUV-V3-747x1024.png 747w, http:\/\/www.amis-musee-faience-quimper.fr\/wp-content\/uploads\/2025\/04\/EXE-Catalogue-2025-COUV-V3-768x1053.png 768w, http:\/\/www.amis-musee-faience-quimper.fr\/wp-content\/uploads\/2025\/04\/EXE-Catalogue-2025-COUV-V3-1120x1536.png 1120w, http:\/\/www.amis-musee-faience-quimper.fr\/wp-content\/uploads\/2025\/04\/EXE-Catalogue-2025-COUV-V3-1494x2048.png 1494w\" sizes=\"auto, (max-width: 1867px) 100vw, 1867px\" \/><\/figure>\n<\/div>\n\n<div class=\"wp-block-image\">\n<figure class=\"alignleft size-full is-resized\"><a href=\"http:\/\/www.amis-musee-faience-quimper.fr\/index.php\/2024\/03\/30\/tresors-caches-paroles-de-collectionneurs-de-la-faience-de-quimper-2\/\"><img loading=\"lazy\" decoding=\"async\" width=\"200\" height=\"280\" src=\"http:\/\/www.amis-musee-faience-quimper.fr\/wp-content\/uploads\/2024\/03\/2024_Tresors_caches.jpg\" alt=\"Couverture Tr\u00e9sors cach\u00e9s\" class=\"wp-image-8202\" style=\"width:150px;height:210px\"\/><\/a><\/figure>\n<\/div>\n\n<div class=\"wp-block-image\">\n<figure class=\"alignleft size-full is-resized\"><a href=\"http:\/\/www.amis-musee-faience-quimper.fr\/index.php\/2023\/04\/01\/marjatta-et-jean-claude-taburet-du-legendaire-celte-a-la-delicatesse-finlandaise-2\/\"><img loading=\"lazy\" decoding=\"async\" width=\"200\" height=\"280\" src=\"http:\/\/www.amis-musee-faience-quimper.fr\/wp-content\/uploads\/2023\/04\/Taburet_2023_catalogue.jpg\" alt=\"Marjatta et Jean-Claude Taburet - Catalogue 2023\" class=\"wp-image-7474\" style=\"width:150px;height:210px\"\/><\/a><\/figure>\n<\/div>\n\n<div class=\"wp-block-image\">\n<figure class=\"alignleft size-full is-resized\"><a href=\"http:\/\/www.amis-musee-faience-quimper.fr\/index.php\/2022\/03\/28\/les-merveilles-de-la-faiencerie-porquier-beau-2\/\"><img loading=\"lazy\" decoding=\"async\" width=\"200\" height=\"280\" src=\"http:\/\/www.amis-musee-faience-quimper.fr\/wp-content\/uploads\/2022\/03\/2022_Porquier_Beau.jpg\" alt=\"Catalogue 2022 - Les merveilles de la fa\u00efencerie Porquier-Beau\" class=\"wp-image-6237\" style=\"width:150px;height:210px\"\/><\/a><\/figure>\n<\/div>\n\n<div class=\"wp-block-image is-style-default\">\n<figure class=\"alignleft size-large is-resized\"><a href=\"http:\/\/www.amis-musee-faience-quimper.fr\/index.php\/2020\/05\/13\/keraluc-une-faiencerie-au-service-des-artistes\/\"><img loading=\"lazy\" decoding=\"async\" width=\"200\" height=\"280\" src=\"http:\/\/www.amis-musee-faience-quimper.fr\/wp-content\/uploads\/2020\/10\/2020_Keraluc.jpg\" alt=\"\" class=\"wp-image-4503\" style=\"width:150px;height:210px\"\/><\/a><\/figure>\n<\/div>\n\n<div class=\"wp-block-image is-style-default\">\n<figure class=\"alignleft size-large is-resized\"><a href=\"http:\/\/www.amis-musee-faience-quimper.fr\/index.php\/2019\/04\/19\/quand-les-brodeurs-inspiraient-les-faienciers-2\/\"><img loading=\"lazy\" decoding=\"async\" width=\"200\" height=\"280\" src=\"http:\/\/www.amis-musee-faience-quimper.fr\/wp-content\/uploads\/2020\/10\/2019_Quand_les_brodeurs.jpg\" alt=\"\" class=\"wp-image-4502\" style=\"width:150px;height:210px\"\/><\/a><\/figure>\n<\/div>\n\n<div class=\"wp-block-image is-style-default\">\n<figure class=\"alignleft size-large is-resized\"><a href=\"http:\/\/www.amis-musee-faience-quimper.fr\/index.php\/2018\/04\/13\/jeanne-malivel-pionniere-de-lart-moderne-breton-1895-1926\/\"><img loading=\"lazy\" decoding=\"async\" width=\"200\" height=\"280\" src=\"http:\/\/www.amis-musee-faience-quimper.fr\/wp-content\/uploads\/2020\/10\/2018_Malivel.jpg\" alt=\"\" class=\"wp-image-4501\" style=\"width:150px;height:210px\"\/><\/a><\/figure>\n<\/div>\n\n<div class=\"wp-block-image is-style-default\">\n<figure class=\"alignleft size-large is-resized\"><a href=\"http:\/\/www.amis-musee-faience-quimper.fr\/index.php\/2017\/04\/18\/armor-argoat-la-bretagne-au-travail\/\"><img loading=\"lazy\" decoding=\"async\" width=\"200\" height=\"280\" src=\"http:\/\/www.amis-musee-faience-quimper.fr\/wp-content\/uploads\/2020\/10\/2017_Armor_Argoat.jpg\" alt=\"\" class=\"wp-image-4500\" style=\"width:150px;height:210px\"\/><\/a><\/figure>\n<\/div>\n\n<div class=\"wp-block-image is-style-default\">\n<figure class=\"alignleft size-large is-resized\"><a href=\"http:\/\/www.amis-musee-faience-quimper.fr\/index.php\/2016\/09\/01\/les-femmes-et-les-enfants-dabord\/\"><img loading=\"lazy\" decoding=\"async\" width=\"200\" height=\"280\" src=\"http:\/\/www.amis-musee-faience-quimper.fr\/wp-content\/uploads\/2020\/10\/2016_Les_femmes_et_les_enfants_d_abord.jpg\" alt=\"\" class=\"wp-image-4499\" style=\"width:150px;height:210px\"\/><\/a><\/figure>\n<\/div>\n\n<div class=\"wp-block-image is-style-default\">\n<figure class=\"alignleft size-large is-resized\"><a href=\"http:\/\/www.amis-musee-faience-quimper.fr\/index.php\/2016\/09\/01\/paul-fouillen-faiencier-quimperois-maurice-fouillen\/\"><img loading=\"lazy\" decoding=\"async\" width=\"200\" height=\"280\" src=\"http:\/\/www.amis-musee-faience-quimper.fr\/wp-content\/uploads\/2020\/10\/2015_Fouillen.jpg\" alt=\"\" class=\"wp-image-4498\" style=\"width:150px;height:210px\"\/><\/a><\/figure>\n<\/div>\n\n<div class=\"wp-block-image is-style-default\">\n<figure class=\"alignleft size-large is-resized\"><a href=\"http:\/\/www.amis-musee-faience-quimper.fr\/index.php\/2016\/09\/01\/1931-quimper-et-lexposition-coloniale\/\"><img loading=\"lazy\" decoding=\"async\" width=\"200\" height=\"280\" src=\"http:\/\/www.amis-musee-faience-quimper.fr\/wp-content\/uploads\/2020\/10\/2014_1931_Quimper_et_l_exposition_coloniale.jpg\" alt=\"\" class=\"wp-image-4497\" style=\"width:150px;height:210px\"\/><\/a><\/figure>\n<\/div>\n\n<div class=\"wp-block-image is-style-default\">\n<figure class=\"alignleft size-large is-resized\"><a href=\"http:\/\/www.amis-musee-faience-quimper.fr\/index.php\/2016\/09\/01\/rene-yves-creston-du-trait-a-la-faience-et-suzanne-candre-creston\/\"><img loading=\"lazy\" decoding=\"async\" width=\"200\" height=\"280\" src=\"http:\/\/www.amis-musee-faience-quimper.fr\/wp-content\/uploads\/2020\/10\/2013_Creston.jpg\" alt=\"\" class=\"wp-image-4496\" style=\"width:150px;height:210px\"\/><\/a><\/figure>\n<\/div>\n\n<div class=\"wp-block-image is-style-default\">\n<figure class=\"alignleft size-large is-resized\"><a href=\"http:\/\/www.amis-musee-faience-quimper.fr\/index.php\/2016\/09\/01\/jim-e-sevellec-peintre-et-ceramiste\/\"><img loading=\"lazy\" decoding=\"async\" width=\"200\" height=\"280\" src=\"http:\/\/www.amis-musee-faience-quimper.fr\/wp-content\/uploads\/2021\/01\/2012_Sevellec_.jpg\" alt=\"\" class=\"wp-image-4931\" style=\"width:150px;height:210px\"\/><\/a><\/figure>\n<\/div>\n\n<div class=\"wp-block-image is-style-default\">\n<figure class=\"alignleft size-large is-resized\"><a href=\"http:\/\/www.amis-musee-faience-quimper.fr\/index.php\/2016\/08\/31\/odetta-les-gres-dart-de-quimper\/\"><img loading=\"lazy\" decoding=\"async\" width=\"200\" height=\"280\" src=\"http:\/\/www.amis-musee-faience-quimper.fr\/wp-content\/uploads\/2020\/10\/2011_Odetta.jpg\" alt=\"\" class=\"wp-image-4493\" style=\"width:150px;height:210px\"\/><\/a><figcaption class=\"wp-element-caption\">Epuis\u00e9<\/figcaption><\/figure>\n<\/div>\n\n\n<p><\/p>\n\n\n<div class=\"wp-block-image is-style-default\">\n<figure class=\"alignleft size-large is-resized\"><a href=\"http:\/\/www.amis-musee-faience-quimper.fr\/index.php\/2016\/08\/31\/yvain\/\"><img loading=\"lazy\" decoding=\"async\" width=\"200\" height=\"280\" src=\"http:\/\/www.amis-musee-faience-quimper.fr\/wp-content\/uploads\/2020\/10\/2006_Yvain.jpg\" alt=\"\" class=\"wp-image-4492\" style=\"width:150px;height:200px\"\/><\/a><figcaption class=\"wp-element-caption\">Epuis\u00e9<\/figcaption><\/figure>\n<\/div>\n\n<div class=\"wp-block-image is-style-default\">\n<figure class=\"alignleft size-large is-resized\"><a href=\"http:\/\/www.amis-musee-faience-quimper.fr\/index.php\/2016\/08\/31\/louis-henri-nicot-sculpteur-breton\/\"><img loading=\"lazy\" decoding=\"async\" width=\"200\" height=\"280\" src=\"http:\/\/www.amis-musee-faience-quimper.fr\/wp-content\/uploads\/2020\/10\/2005_Nicot.jpg\" alt=\"\" class=\"wp-image-4491\" style=\"width:150px;height:210px\"\/><\/a><figcaption class=\"wp-element-caption\">Epuis\u00e9<\/figcaption><\/figure>\n<\/div>\n\n<div class=\"wp-block-image is-style-default\">\n<figure class=\"alignleft size-large is-resized\"><a href=\"http:\/\/www.amis-musee-faience-quimper.fr\/index.php\/2016\/08\/31\/robert-micheau-vernez-tradition-et-modernite\/\"><img loading=\"lazy\" decoding=\"async\" width=\"200\" height=\"280\" src=\"http:\/\/www.amis-musee-faience-quimper.fr\/wp-content\/uploads\/2020\/10\/2004_Micheau_Vernez.jpg\" alt=\"\" class=\"wp-image-4490\" style=\"width:150px;height:210px\"\/><\/a><figcaption class=\"wp-element-caption\">Epuis\u00e9<\/figcaption><\/figure>\n<\/div>\n\n<div class=\"wp-block-image is-style-default\">\n<figure class=\"alignleft size-large is-resized\"><a href=\"http:\/\/www.amis-musee-faience-quimper.fr\/index.php\/2016\/08\/31\/mathurin-et-maryvonne-meheut-ceramique\/\"><img loading=\"lazy\" decoding=\"async\" width=\"200\" height=\"280\" src=\"http:\/\/www.amis-musee-faience-quimper.fr\/wp-content\/uploads\/2020\/10\/2003_Meheut.jpg\" alt=\"\" class=\"wp-image-4489\" style=\"width:150px;height:210px\"\/><\/a><figcaption class=\"wp-element-caption\">Epuis\u00e9<\/figcaption><\/figure>\n<\/div>\n\n<div class=\"wp-block-image is-style-default\">\n<figure class=\"alignleft size-large is-resized\"><a href=\"http:\/\/www.amis-musee-faience-quimper.fr\/index.php\/2016\/08\/31\/444\/\"><img loading=\"lazy\" decoding=\"async\" width=\"200\" height=\"280\" src=\"http:\/\/www.amis-musee-faience-quimper.fr\/wp-content\/uploads\/2020\/10\/2002_Et_Quimper_entra_dans_le_monde_des_artistes.jpg\" alt=\"\" class=\"wp-image-4488\" style=\"width:150px;height:210px\"\/><\/a><figcaption class=\"wp-element-caption\">Epuis\u00e9<\/figcaption><\/figure>\n<\/div>\n\n<div class=\"wp-block-image is-style-default\">\n<figure class=\"alignleft size-large is-resized\"><a href=\"http:\/\/www.amis-musee-faience-quimper.fr\/index.php\/2016\/08\/31\/enrique-marin\/\"><img loading=\"lazy\" decoding=\"async\" width=\"200\" height=\"280\" src=\"http:\/\/www.amis-musee-faience-quimper.fr\/wp-content\/uploads\/2020\/10\/2001_Enrique_Marin.jpg\" alt=\"\" class=\"wp-image-4487\" style=\"width:150px;height:210px\"\/><\/a><figcaption class=\"wp-element-caption\">Epuis\u00e9<\/figcaption><\/figure>\n<\/div>\n\n<div class=\"wp-block-image is-style-default\">\n<figure class=\"alignleft size-large is-resized\"><a href=\"http:\/\/www.amis-musee-faience-quimper.fr\/index.php\/2016\/08\/31\/les-faiences-de-quimper-les-artistes-et-la-mer-oceanopolis-brest\/\"><img loading=\"lazy\" decoding=\"async\" width=\"200\" height=\"280\" src=\"http:\/\/www.amis-musee-faience-quimper.fr\/wp-content\/uploads\/2020\/10\/Sp_Oceanopolis.jpg\" alt=\"\" class=\"wp-image-4505\" style=\"width:150px;height:210px\"\/><\/a><figcaption class=\"wp-element-caption\">Epuis\u00e9<\/figcaption><\/figure>\n<\/div>\n\n<div class=\"wp-block-image is-style-default\">\n<figure class=\"alignleft size-large is-resized\"><a href=\"http:\/\/www.amis-musee-faience-quimper.fr\/index.php\/2016\/08\/31\/432\/\"><img loading=\"lazy\" decoding=\"async\" width=\"200\" height=\"280\" src=\"http:\/\/www.amis-musee-faience-quimper.fr\/wp-content\/uploads\/2020\/10\/2000_Savigny.jpg\" alt=\"\" class=\"wp-image-4486\" style=\"width:150px;height:210px\"\/><\/a><figcaption class=\"wp-element-caption\">Epuis\u00e9<\/figcaption><\/figure>\n<\/div>\n\n<div class=\"wp-block-image is-style-default\">\n<figure class=\"alignleft size-large is-resized\"><a href=\"http:\/\/www.amis-musee-faience-quimper.fr\/index.php\/2016\/08\/31\/alexander-goudie-ceramique\/\"><img loading=\"lazy\" decoding=\"async\" width=\"200\" height=\"280\" src=\"http:\/\/www.amis-musee-faience-quimper.fr\/wp-content\/uploads\/2020\/10\/1998_Goudie.jpg\" alt=\"\" class=\"wp-image-4484\" style=\"width:150px;height:210px\"\/><\/a><figcaption class=\"wp-element-caption\">Epuis\u00e9<\/figcaption><\/figure>\n<\/div>\n\n<div class=\"wp-block-image is-style-default\">\n<figure class=\"alignleft size-large is-resized\"><a href=\"http:\/\/www.amis-musee-faience-quimper.fr\/index.php\/2016\/08\/31\/mes-plus-beaux-quimper\/\"><img loading=\"lazy\" decoding=\"async\" width=\"200\" height=\"280\" src=\"http:\/\/www.amis-musee-faience-quimper.fr\/wp-content\/uploads\/2020\/10\/1999_Mes_plus_beaux_Quimper.jpg\" alt=\"\" class=\"wp-image-4485\" style=\"width:150px;height:210px\"\/><\/a><figcaption class=\"wp-element-caption\">Epuis\u00e9<\/figcaption><\/figure>\n<\/div>\n\n<div class=\"wp-block-image is-style-default\">\n<figure class=\"alignleft size-large is-resized\"><a href=\"http:\/\/www.amis-musee-faience-quimper.fr\/index.php\/2016\/08\/31\/rene-quillivic-ceramiste\/\"><img loading=\"lazy\" decoding=\"async\" width=\"200\" height=\"280\" src=\"http:\/\/www.amis-musee-faience-quimper.fr\/wp-content\/uploads\/2020\/10\/1997_Quivillic.jpg\" alt=\"\" class=\"wp-image-4483\" style=\"width:150px;height:210px\"\/><\/a><figcaption class=\"wp-element-caption\">Epuis\u00e9<\/figcaption><\/figure>\n<\/div>\n\n<div class=\"wp-block-image is-style-default\">\n<figure class=\"alignleft size-large is-resized\"><a href=\"http:\/\/www.amis-musee-faience-quimper.fr\/index.php\/2016\/08\/31\/quimper-a-lexposition-coloniale\/\"><img loading=\"lazy\" decoding=\"async\" width=\"200\" height=\"280\" src=\"http:\/\/www.amis-musee-faience-quimper.fr\/wp-content\/uploads\/2020\/10\/1996_Colonial.jpg\" alt=\"\" class=\"wp-image-4482\" style=\"width:150px;height:210px\"\/><\/a><figcaption class=\"wp-element-caption\">Epuis\u00e9<\/figcaption><\/figure>\n<\/div>\n\n<div class=\"wp-block-image is-style-default\">\n<figure class=\"alignleft size-large is-resized\"><a href=\"http:\/\/www.amis-musee-faience-quimper.fr\/index.php\/2016\/08\/31\/odetta\/\"><img loading=\"lazy\" decoding=\"async\" width=\"280\" height=\"200\" src=\"http:\/\/www.amis-musee-faience-quimper.fr\/wp-content\/uploads\/2020\/10\/Sp_Odetta.jpg\" alt=\"\" class=\"wp-image-4506\" style=\"width:150px;height:125px\"\/><\/a><figcaption class=\"wp-element-caption\">Epuis\u00e9<\/figcaption><\/figure>\n<\/div>\n\n<div class=\"wp-block-image is-style-default\">\n<figure class=\"alignleft size-large is-resized\"><a href=\"http:\/\/www.amis-musee-faience-quimper.fr\/index.php\/2016\/08\/31\/suzanne-et-rene-yves-creston\/\"><img loading=\"lazy\" decoding=\"async\" width=\"280\" height=\"200\" src=\"http:\/\/www.amis-musee-faience-quimper.fr\/wp-content\/uploads\/2020\/10\/Sp_Creston.jpg\" alt=\"\" class=\"wp-image-4504\" style=\"width:170px;height:125px\"\/><\/a><figcaption class=\"wp-element-caption\">Epuis\u00e9<\/figcaption><\/figure>\n<\/div>","protected":false},"excerpt":{"rendered":"<p>L\u2019association des Amis du Mus\u00e9e et de la Fa\u00efence de Quimper \u00e9dite le catalogue des expositions th\u00e9matiques du mus\u00e9e. Comment se les procurer ? Vous pouvez acheter ces publications : N&rsquo;h\u00e9sitez pas \u00e0 cliquer sur les couvertures des catalogues pour &hellip; <a href=\"http:\/\/www.amis-musee-faience-quimper.fr\/index.php\/les-catalogues-des-expositions\/\">Continuer la lecture <span class=\"meta-nav\">&rarr;<\/span><\/a><\/p>\n","protected":false},"author":1,"featured_media":0,"parent":0,"menu_order":0,"comment_status":"closed","ping_status":"closed","template":"","meta":{"_monsterinsights_skip_tracking":false,"_monsterinsights_sitenote_active":false,"_monsterinsights_sitenote_note":"","_monsterinsights_sitenote_category":0,"jetpack_post_was_ever_published":false,"footnotes":""},"class_list":["post-210","page","type-page","status-publish","hentry"],"aioseo_notices":[],"jetpack_sharing_enabled":true,"jetpack_shortlink":"https:\/\/wp.me\/P8tKLp-3o","_links":{"self":[{"href":"http:\/\/www.amis-musee-faience-quimper.fr\/index.php\/wp-json\/wp\/v2\/pages\/210","targetHints":{"allow":["GET"]}}],"collection":[{"href":"http:\/\/www.amis-musee-faience-quimper.fr\/index.php\/wp-json\/wp\/v2\/pages"}],"about":[{"href":"http:\/\/www.amis-musee-faience-quimper.fr\/index.php\/wp-json\/wp\/v2\/types\/page"}],"author":[{"embeddable":true,"href":"http:\/\/www.amis-musee-faience-quimper.fr\/index.php\/wp-json\/wp\/v2\/users\/1"}],"replies":[{"embeddable":true,"href":"http:\/\/www.amis-musee-faience-quimper.fr\/index.php\/wp-json\/wp\/v2\/comments?post=210"}],"version-history":[{"count":40,"href":"http:\/\/www.amis-musee-faience-quimper.fr\/index.php\/wp-json\/wp\/v2\/pages\/210\/revisions"}],"predecessor-version":[{"id":8577,"href":"http:\/\/www.amis-musee-faience-quimper.fr\/index.php\/wp-json\/wp\/v2\/pages\/210\/revisions\/8577"}],"wp:attachment":[{"href":"http:\/\/www.amis-musee-faience-quimper.fr\/index.php\/wp-json\/wp\/v2\/media?parent=210"}],"curies":[{"name":"wp","href":"https:\/\/api.w.org\/{rel}","templated":true}]}}