{"id":7872,"date":"2023-08-13T17:53:55","date_gmt":"2023-08-13T15:53:55","guid":{"rendered":"http:\/\/www.amis-musee-faience-quimper.fr\/wp-content\/uploads\/2023\/08\/cinq-_tresors-2.jpg"},"modified":"2023-08-13T17:55:24","modified_gmt":"2023-08-13T15:55:24","slug":"cinq-_tresors-2","status":"inherit","type":"attachment","link":"http:\/\/www.amis-musee-faience-quimper.fr\/index.php\/2023\/08\/20\/les-cinq-tresors-de-faiencerie-decouvert-chez-des-particuliers-le-telegramme\/cinq-_tresors-2\/","title":{"rendered":"cinq _tr\u00e9sors (2)"},"author":1,"featured_media":0,"comment_status":"open","ping_status":"closed","template":"","meta":{"_monsterinsights_skip_tracking":false,"_monsterinsights_sitenote_active":false,"_monsterinsights_sitenote_note":"","_monsterinsights_sitenote_category":0,"jetpack_post_was_ever_published":false},"class_list":["post-7872","attachment","type-attachment","status-inherit","hentry"],"aioseo_notices":[],"jetpack_sharing_enabled":true,"jetpack_shortlink":"https:\/\/wp.me\/a8tKLp-22Y","description":{"rendered":"<p class=\"attachment\"><a href='http:\/\/www.amis-musee-faience-quimper.fr\/wp-content\/uploads\/2023\/08\/cinq-_tresors-2.jpg'><img loading=\"lazy\" decoding=\"async\" width=\"300\" height=\"188\" src=\"http:\/\/www.amis-musee-faience-quimper.fr\/wp-content\/uploads\/2023\/08\/cinq-_tresors-2-300x188.jpg\" class=\"attachment-medium size-medium\" alt=\"Ren\u00e9-Yves Creston\" srcset=\"http:\/\/www.amis-musee-faience-quimper.fr\/wp-content\/uploads\/2023\/08\/cinq-_tresors-2-300x188.jpg 300w, http:\/\/www.amis-musee-faience-quimper.fr\/wp-content\/uploads\/2023\/08\/cinq-_tresors-2.jpg 480w\" sizes=\"auto, (max-width: 300px) 100vw, 300px\" \/><\/a><\/p>\n<p>Article du T\u00e9l\u00e9gramme : \u00ab\u00a0Les cinq tr\u00e9sors de fa\u00efencerie d\u00e9couvert chez des particuliers\u00a0\u00bb.<\/p>\n"},"caption":{"rendered":"<p>Article du T\u00e9l\u00e9gramme : \u00ab\u00a0Les cinq tr\u00e9sors de fa\u00efencerie d\u00e9couvert chez des particuliers\u00a0\u00bb.<\/p>\n"},"alt_text":"Ren\u00e9-Yves Creston","media_type":"image","mime_type":"image\/jpeg","media_details":{"width":480,"height":300,"file":"2023\/08\/cinq-_tresors-2.jpg","filesize":27819,"sizes":{"medium":{"file":"cinq-_tresors-2-300x188.jpg","width":300,"height":188,"filesize":13824,"mime_type":"image\/jpeg","source_url":"http:\/\/www.amis-musee-faience-quimper.fr\/wp-content\/uploads\/2023\/08\/cinq-_tresors-2-300x188.jpg"},"thumbnail":{"file":"cinq-_tresors-2-150x150.jpg","width":150,"height":150,"filesize":7962,"mime_type":"image\/jpeg","source_url":"http:\/\/www.amis-musee-faience-quimper.fr\/wp-content\/uploads\/2023\/08\/cinq-_tresors-2-150x150.jpg"},"post-thumbnail":{"file":"cinq-_tresors-2-480x288.jpg","width":480,"height":288,"filesize":29355,"mime_type":"image\/jpeg","source_url":"http:\/\/www.amis-musee-faience-quimper.fr\/wp-content\/uploads\/2023\/08\/cinq-_tresors-2-480x288.jpg"},"large-feature":{"file":"cinq-_tresors-2-480x288.jpg","width":480,"height":288,"filesize":29355,"mime_type":"image\/jpeg","source_url":"http:\/\/www.amis-musee-faience-quimper.fr\/wp-content\/uploads\/2023\/08\/cinq-_tresors-2-480x288.jpg"},"full":{"file":"cinq-_tresors-2.jpg","width":480,"height":300,"mime_type":"image\/jpeg","source_url":"http:\/\/www.amis-musee-faience-quimper.fr\/wp-content\/uploads\/2023\/08\/cinq-_tresors-2.jpg"}},"image_meta":{"aperture":"0","credit":"","camera":"","caption":"","created_timestamp":"0","copyright":"","focal_length":"0","iso":"0","shutter_speed":"0","title":"","orientation":"0","keywords":[]}},"post":7870,"source_url":"http:\/\/www.amis-musee-faience-quimper.fr\/wp-content\/uploads\/2023\/08\/cinq-_tresors-2.jpg","_links":{"self":[{"href":"http:\/\/www.amis-musee-faience-quimper.fr\/index.php\/wp-json\/wp\/v2\/media\/7872","targetHints":{"allow":["GET"]}}],"collection":[{"href":"http:\/\/www.amis-musee-faience-quimper.fr\/index.php\/wp-json\/wp\/v2\/media"}],"about":[{"href":"http:\/\/www.amis-musee-faience-quimper.fr\/index.php\/wp-json\/wp\/v2\/types\/attachment"}],"author":[{"embeddable":true,"href":"http:\/\/www.amis-musee-faience-quimper.fr\/index.php\/wp-json\/wp\/v2\/users\/1"}],"replies":[{"embeddable":true,"href":"http:\/\/www.amis-musee-faience-quimper.fr\/index.php\/wp-json\/wp\/v2\/comments?post=7872"}],"wp:attached-to":[{"embeddable":true,"post_type":"post","id":7870,"href":"http:\/\/www.amis-musee-faience-quimper.fr\/index.php\/wp-json\/wp\/v2\/posts\/7870"}],"curies":[{"name":"wp","href":"https:\/\/api.w.org\/{rel}","templated":true}]}}

cinq _trésors (2)

<p class="attachment"><a href='http://www.amis-musee-faience-quimper.fr/wp-content/uploads/2023/08/cinq-_tresors-2.jpg'><img loading="lazy" decoding="async" width="300" height="188" src="http://www.amis-musee-faience-quimper.fr/wp-content/uploads/2023/08/cinq-_tresors-2-300x188.jpg" class="attachment-medium size-medium" alt="René-Yves Creston" srcset="http://www.amis-musee-faience-quimper.fr/wp-content/uploads/2023/08/cinq-_tresors-2-300x188.jpg 300w, http://www.amis-musee-faience-quimper.fr/wp-content/uploads/2023/08/cinq-_tresors-2.jpg 480w" sizes="auto, (max-width: 300px) 100vw, 300px" /></a></p>
<p>Article du Télégramme : « Les cinq trésors de faïencerie découvert chez des particuliers ».</p>

<p>Article du Télégramme : « Les cinq trésors de faïencerie découvert chez des particuliers ».</p>

René-Yves Creston
