{"id":711,"date":"2017-04-16T17:36:06","date_gmt":"2017-04-16T15:36:06","guid":{"rendered":"http:\/\/www.amis-musee-faience-quimper.fr\/wp-content\/uploads\/2016\/08\/2017.jpg"},"modified":"2017-04-16T17:37:59","modified_gmt":"2017-04-16T15:37:59","slug":"2017-2","status":"inherit","type":"attachment","link":"http:\/\/www.amis-musee-faience-quimper.fr\/index.php\/expositions\/2017-2\/","title":{"rendered":"2017"},"author":1,"featured_media":0,"comment_status":"open","ping_status":"closed","template":"","meta":{"_monsterinsights_skip_tracking":false,"_monsterinsights_sitenote_active":false,"_monsterinsights_sitenote_note":"","_monsterinsights_sitenote_category":0,"jetpack_post_was_ever_published":false},"class_list":["post-711","attachment","type-attachment","status-inherit","hentry"],"aioseo_notices":[],"jetpack_sharing_enabled":true,"jetpack_shortlink":"https:\/\/wp.me\/a8tKLp-bt","description":{"rendered":"<p class=\"attachment\"><a href='http:\/\/www.amis-musee-faience-quimper.fr\/wp-content\/uploads\/2016\/08\/2017.jpg'><img loading=\"lazy\" decoding=\"async\" width=\"220\" height=\"300\" src=\"http:\/\/www.amis-musee-faience-quimper.fr\/wp-content\/uploads\/2016\/08\/2017-220x300.jpg\" class=\"attachment-medium size-medium\" alt=\"Armor Argoat\" srcset=\"http:\/\/www.amis-musee-faience-quimper.fr\/wp-content\/uploads\/2016\/08\/2017-220x300.jpg 220w, http:\/\/www.amis-musee-faience-quimper.fr\/wp-content\/uploads\/2016\/08\/2017.jpg 486w\" sizes=\"auto, (max-width: 220px) 100vw, 220px\" \/><\/a><\/p>\n<p>exposition th\u00e9matique du mus\u00e9e de la fa\u00efence de Quimper 2017.<\/p>\n"},"caption":{"rendered":"<p>exposition th\u00e9matique du mus\u00e9e de la fa\u00efence de Quimper 2017.<\/p>\n"},"alt_text":"Armor Argoat","media_type":"image","mime_type":"image\/jpeg","media_details":{"width":486,"height":662,"file":"2016\/08\/2017.jpg","sizes":{"thumbnail":{"file":"2017-150x150.jpg","width":150,"height":150,"mime_type":"image\/jpeg","source_url":"http:\/\/www.amis-musee-faience-quimper.fr\/wp-content\/uploads\/2016\/08\/2017-150x150.jpg"},"medium":{"file":"2017-220x300.jpg","width":220,"height":300,"mime_type":"image\/jpeg","source_url":"http:\/\/www.amis-musee-faience-quimper.fr\/wp-content\/uploads\/2016\/08\/2017-220x300.jpg"},"post-thumbnail":{"file":"2017-486x288.jpg","width":486,"height":288,"mime_type":"image\/jpeg","source_url":"http:\/\/www.amis-musee-faience-quimper.fr\/wp-content\/uploads\/2016\/08\/2017-486x288.jpg"},"large-feature":{"file":"2017-486x288.jpg","width":486,"height":288,"mime_type":"image\/jpeg","source_url":"http:\/\/www.amis-musee-faience-quimper.fr\/wp-content\/uploads\/2016\/08\/2017-486x288.jpg"},"small-feature":{"file":"2017-220x300.jpg","width":220,"height":300,"mime_type":"image\/jpeg","source_url":"http:\/\/www.amis-musee-faience-quimper.fr\/wp-content\/uploads\/2016\/08\/2017-220x300.jpg"},"full":{"file":"2017.jpg","width":486,"height":662,"mime_type":"image\/jpeg","source_url":"http:\/\/www.amis-musee-faience-quimper.fr\/wp-content\/uploads\/2016\/08\/2017.jpg"}},"image_meta":{"aperture":"0","credit":"","camera":"","caption":"","created_timestamp":"0","copyright":"","focal_length":"0","iso":"0","shutter_speed":"0","title":"","orientation":"1","keywords":[]}},"post":37,"source_url":"http:\/\/www.amis-musee-faience-quimper.fr\/wp-content\/uploads\/2016\/08\/2017.jpg","_links":{"self":[{"href":"http:\/\/www.amis-musee-faience-quimper.fr\/index.php\/wp-json\/wp\/v2\/media\/711","targetHints":{"allow":["GET"]}}],"collection":[{"href":"http:\/\/www.amis-musee-faience-quimper.fr\/index.php\/wp-json\/wp\/v2\/media"}],"about":[{"href":"http:\/\/www.amis-musee-faience-quimper.fr\/index.php\/wp-json\/wp\/v2\/types\/attachment"}],"author":[{"embeddable":true,"href":"http:\/\/www.amis-musee-faience-quimper.fr\/index.php\/wp-json\/wp\/v2\/users\/1"}],"replies":[{"embeddable":true,"href":"http:\/\/www.amis-musee-faience-quimper.fr\/index.php\/wp-json\/wp\/v2\/comments?post=711"}],"wp:attached-to":[{"embeddable":true,"post_type":"page","id":37,"href":"http:\/\/www.amis-musee-faience-quimper.fr\/index.php\/wp-json\/wp\/v2\/pages\/37"}],"curies":[{"name":"wp","href":"https:\/\/api.w.org\/{rel}","templated":true}]}}

<p class="attachment"><a href='http://www.amis-musee-faience-quimper.fr/wp-content/uploads/2016/08/2017.jpg'><img loading="lazy" decoding="async" width="220" height="300" src="http://www.amis-musee-faience-quimper.fr/wp-content/uploads/2016/08/2017-220x300.jpg" class="attachment-medium size-medium" alt="Armor Argoat" srcset="http://www.amis-musee-faience-quimper.fr/wp-content/uploads/2016/08/2017-220x300.jpg 220w, http://www.amis-musee-faience-quimper.fr/wp-content/uploads/2016/08/2017.jpg 486w" sizes="auto, (max-width: 220px) 100vw, 220px" /></a></p>
<p>exposition thématique du musée de la faïence de Quimper 2017.</p>

<p>exposition thématique du musée de la faïence de Quimper 2017.</p>
