{"id":6446,"date":"2022-06-19T16:12:42","date_gmt":"2022-06-19T14:12:42","guid":{"rendered":"http:\/\/www.amis-musee-faience-quimper.fr\/wp-content\/uploads\/2022\/06\/AG_2022-4.jpg"},"modified":"2022-06-19T16:15:21","modified_gmt":"2022-06-19T14:15:21","slug":"ag_2022-4","status":"inherit","type":"attachment","link":"http:\/\/www.amis-musee-faience-quimper.fr\/index.php\/2022\/06\/19\/compte-rendu-de-lassemblee-generale-de-lassociation-du-4-juin-2022\/ag_2022-4\/","title":{"rendered":"AG_2022 (4)"},"author":1,"featured_media":0,"comment_status":"open","ping_status":"closed","template":"","meta":{"_monsterinsights_skip_tracking":false,"_monsterinsights_sitenote_active":false,"_monsterinsights_sitenote_note":"","_monsterinsights_sitenote_category":0,"jetpack_post_was_ever_published":false},"class_list":["post-6446","attachment","type-attachment","status-inherit","hentry"],"aioseo_notices":[],"jetpack_sharing_enabled":true,"jetpack_shortlink":"https:\/\/wp.me\/a8tKLp-1FY","description":{"rendered":"<p class=\"attachment\"><a href='http:\/\/www.amis-musee-faience-quimper.fr\/wp-content\/uploads\/2022\/06\/AG_2022-4.jpg'><img loading=\"lazy\" decoding=\"async\" width=\"300\" height=\"169\" src=\"http:\/\/www.amis-musee-faience-quimper.fr\/wp-content\/uploads\/2022\/06\/AG_2022-4-300x169.jpg\" class=\"attachment-medium size-medium\" alt=\"AG 2022 4\" srcset=\"http:\/\/www.amis-musee-faience-quimper.fr\/wp-content\/uploads\/2022\/06\/AG_2022-4-300x169.jpg 300w, http:\/\/www.amis-musee-faience-quimper.fr\/wp-content\/uploads\/2022\/06\/AG_2022-4-1024x576.jpg 1024w, http:\/\/www.amis-musee-faience-quimper.fr\/wp-content\/uploads\/2022\/06\/AG_2022-4-768x432.jpg 768w, http:\/\/www.amis-musee-faience-quimper.fr\/wp-content\/uploads\/2022\/06\/AG_2022-4-500x281.jpg 500w, http:\/\/www.amis-musee-faience-quimper.fr\/wp-content\/uploads\/2022\/06\/AG_2022-4.jpg 1200w\" sizes=\"auto, (max-width: 300px) 100vw, 300px\" \/><\/a><\/p>\n<p>Compte rendu de l\u2019assembl\u00e9e g\u00e9n\u00e9rale 2022 de l\u2019association.<\/p>\n"},"caption":{"rendered":"<p>Compte rendu de l\u2019assembl\u00e9e g\u00e9n\u00e9rale 2022 de l\u2019association.<\/p>\n"},"alt_text":"AG 2022 4","media_type":"image","mime_type":"image\/jpeg","media_details":{"width":1200,"height":675,"file":"2022\/06\/AG_2022-4.jpg","filesize":400483,"sizes":{"medium":{"file":"AG_2022-4-300x169.jpg","width":300,"height":169,"filesize":19301,"mime_type":"image\/jpeg","source_url":"http:\/\/www.amis-musee-faience-quimper.fr\/wp-content\/uploads\/2022\/06\/AG_2022-4-300x169.jpg"},"large":{"file":"AG_2022-4-1024x576.jpg","width":1024,"height":576,"filesize":142918,"mime_type":"image\/jpeg","source_url":"http:\/\/www.amis-musee-faience-quimper.fr\/wp-content\/uploads\/2022\/06\/AG_2022-4-1024x576.jpg"},"thumbnail":{"file":"AG_2022-4-150x150.jpg","width":150,"height":150,"filesize":9665,"mime_type":"image\/jpeg","source_url":"http:\/\/www.amis-musee-faience-quimper.fr\/wp-content\/uploads\/2022\/06\/AG_2022-4-150x150.jpg"},"medium_large":{"file":"AG_2022-4-768x432.jpg","width":768,"height":432,"filesize":88938,"mime_type":"image\/jpeg","source_url":"http:\/\/www.amis-musee-faience-quimper.fr\/wp-content\/uploads\/2022\/06\/AG_2022-4-768x432.jpg"},"post-thumbnail":{"file":"AG_2022-4-1000x288.jpg","width":1000,"height":288,"filesize":80626,"mime_type":"image\/jpeg","source_url":"http:\/\/www.amis-musee-faience-quimper.fr\/wp-content\/uploads\/2022\/06\/AG_2022-4-1000x288.jpg"},"large-feature":{"file":"AG_2022-4-1000x288.jpg","width":1000,"height":288,"filesize":80626,"mime_type":"image\/jpeg","source_url":"http:\/\/www.amis-musee-faience-quimper.fr\/wp-content\/uploads\/2022\/06\/AG_2022-4-1000x288.jpg"},"small-feature":{"file":"AG_2022-4-500x281.jpg","width":500,"height":281,"filesize":44556,"mime_type":"image\/jpeg","source_url":"http:\/\/www.amis-musee-faience-quimper.fr\/wp-content\/uploads\/2022\/06\/AG_2022-4-500x281.jpg"},"full":{"file":"AG_2022-4.jpg","width":1200,"height":675,"mime_type":"image\/jpeg","source_url":"http:\/\/www.amis-musee-faience-quimper.fr\/wp-content\/uploads\/2022\/06\/AG_2022-4.jpg"}},"image_meta":{"aperture":"1.7","credit":"","camera":"SM-J530F","caption":"","created_timestamp":"1654345844","copyright":"","focal_length":"3.71","iso":"40","shutter_speed":"0.00066711140760507","title":"","orientation":"1","keywords":[]}},"post":6441,"source_url":"http:\/\/www.amis-musee-faience-quimper.fr\/wp-content\/uploads\/2022\/06\/AG_2022-4.jpg","_links":{"self":[{"href":"http:\/\/www.amis-musee-faience-quimper.fr\/index.php\/wp-json\/wp\/v2\/media\/6446","targetHints":{"allow":["GET"]}}],"collection":[{"href":"http:\/\/www.amis-musee-faience-quimper.fr\/index.php\/wp-json\/wp\/v2\/media"}],"about":[{"href":"http:\/\/www.amis-musee-faience-quimper.fr\/index.php\/wp-json\/wp\/v2\/types\/attachment"}],"author":[{"embeddable":true,"href":"http:\/\/www.amis-musee-faience-quimper.fr\/index.php\/wp-json\/wp\/v2\/users\/1"}],"replies":[{"embeddable":true,"href":"http:\/\/www.amis-musee-faience-quimper.fr\/index.php\/wp-json\/wp\/v2\/comments?post=6446"}],"wp:attached-to":[{"embeddable":true,"post_type":"post","id":6441,"href":"http:\/\/www.amis-musee-faience-quimper.fr\/index.php\/wp-json\/wp\/v2\/posts\/6441"}],"curies":[{"name":"wp","href":"https:\/\/api.w.org\/{rel}","templated":true}]}}

<p class="attachment"><a href='http://www.amis-musee-faience-quimper.fr/wp-content/uploads/2022/06/AG_2022-4.jpg'><img loading="lazy" decoding="async" width="300" height="169" src="http://www.amis-musee-faience-quimper.fr/wp-content/uploads/2022/06/AG_2022-4-300x169.jpg" class="attachment-medium size-medium" alt="AG 2022 4" srcset="http://www.amis-musee-faience-quimper.fr/wp-content/uploads/2022/06/AG_2022-4-300x169.jpg 300w, http://www.amis-musee-faience-quimper.fr/wp-content/uploads/2022/06/AG_2022-4-1024x576.jpg 1024w, http://www.amis-musee-faience-quimper.fr/wp-content/uploads/2022/06/AG_2022-4-768x432.jpg 768w, http://www.amis-musee-faience-quimper.fr/wp-content/uploads/2022/06/AG_2022-4-500x281.jpg 500w, http://www.amis-musee-faience-quimper.fr/wp-content/uploads/2022/06/AG_2022-4.jpg 1200w" sizes="auto, (max-width: 300px) 100vw, 300px" /></a></p>
<p>Compte rendu de l’assemblée générale 2022 de l’association.</p>

<p>Compte rendu de l’assemblée générale 2022 de l’association.</p>
