{"id":5779,"date":"2021-09-07T13:02:36","date_gmt":"2021-09-07T11:02:36","guid":{"rendered":"http:\/\/www.amis-musee-faience-quimper.fr\/wp-content\/uploads\/2021\/09\/Fouillen_2.jpg"},"modified":"2021-09-07T13:13:10","modified_gmt":"2021-09-07T11:13:10","slug":"fouillen_2","status":"inherit","type":"attachment","link":"http:\/\/www.amis-musee-faience-quimper.fr\/index.php\/2021\/09\/07\/maison-fouillen-a-quimper-un-compromis-de-vente-est-signe-le-telegramme\/fouillen_2\/","title":{"rendered":"Fouillen_2"},"author":1,"featured_media":0,"comment_status":"open","ping_status":"closed","template":"","meta":{"_monsterinsights_skip_tracking":false,"_monsterinsights_sitenote_active":false,"_monsterinsights_sitenote_note":"","_monsterinsights_sitenote_category":0,"jetpack_post_was_ever_published":false},"class_list":["post-5779","attachment","type-attachment","status-inherit","hentry"],"aioseo_notices":[],"jetpack_sharing_enabled":true,"jetpack_shortlink":"https:\/\/wp.me\/a8tKLp-1vd","description":{"rendered":"<p class=\"attachment\"><a href='http:\/\/www.amis-musee-faience-quimper.fr\/wp-content\/uploads\/2021\/09\/Fouillen_2.jpg'><img loading=\"lazy\" decoding=\"async\" width=\"300\" height=\"182\" src=\"http:\/\/www.amis-musee-faience-quimper.fr\/wp-content\/uploads\/2021\/09\/Fouillen_2-300x182.jpg\" class=\"attachment-medium size-medium\" alt=\"Maison Fouillen\" srcset=\"http:\/\/www.amis-musee-faience-quimper.fr\/wp-content\/uploads\/2021\/09\/Fouillen_2-300x182.jpg 300w, http:\/\/www.amis-musee-faience-quimper.fr\/wp-content\/uploads\/2021\/09\/Fouillen_2-496x300.jpg 496w, http:\/\/www.amis-musee-faience-quimper.fr\/wp-content\/uploads\/2021\/09\/Fouillen_2.jpg 575w\" sizes=\"auto, (max-width: 300px) 100vw, 300px\" \/><\/a><\/p>\n<p>Article du T\u00e9l\u00e9gramme : \u00ab\u00a0Maison Fouillen \u00e0 Quimper : un compromis de vente est sign\u00e9\u00a0\u00bb.<\/p>\n"},"caption":{"rendered":"<p>Pour conserver l\u2019\u00e2me de la maison, les petites c\u00e9ramiques aux murs, comme cette sonnette, devraient \u00eatre conserv\u00e9es. <a href=\"http:\/\/www.amis-musee-faience-quimper.fr\/index.php\/2021\/09\/07\/maison-fouillen-a-quimper-un-compromis-de-vente-est-signe-le-telegramme\/fouillen_2\/\">Continuer la lecture <span class=\"meta-nav\">&rarr;<\/span><\/a><\/p>\n"},"alt_text":"Maison Fouillen","media_type":"image","mime_type":"image\/jpeg","media_details":{"width":575,"height":348,"file":"2021\/09\/Fouillen_2.jpg","sizes":{"medium":{"file":"Fouillen_2-300x182.jpg","width":300,"height":182,"mime_type":"image\/jpeg","source_url":"http:\/\/www.amis-musee-faience-quimper.fr\/wp-content\/uploads\/2021\/09\/Fouillen_2-300x182.jpg"},"thumbnail":{"file":"Fouillen_2-150x150.jpg","width":150,"height":150,"mime_type":"image\/jpeg","source_url":"http:\/\/www.amis-musee-faience-quimper.fr\/wp-content\/uploads\/2021\/09\/Fouillen_2-150x150.jpg"},"post-thumbnail":{"file":"Fouillen_2-575x288.jpg","width":575,"height":288,"mime_type":"image\/jpeg","source_url":"http:\/\/www.amis-musee-faience-quimper.fr\/wp-content\/uploads\/2021\/09\/Fouillen_2-575x288.jpg"},"large-feature":{"file":"Fouillen_2-575x288.jpg","width":575,"height":288,"mime_type":"image\/jpeg","source_url":"http:\/\/www.amis-musee-faience-quimper.fr\/wp-content\/uploads\/2021\/09\/Fouillen_2-575x288.jpg"},"small-feature":{"file":"Fouillen_2-496x300.jpg","width":496,"height":300,"mime_type":"image\/jpeg","source_url":"http:\/\/www.amis-musee-faience-quimper.fr\/wp-content\/uploads\/2021\/09\/Fouillen_2-496x300.jpg"},"full":{"file":"Fouillen_2.jpg","width":575,"height":348,"mime_type":"image\/jpeg","source_url":"http:\/\/www.amis-musee-faience-quimper.fr\/wp-content\/uploads\/2021\/09\/Fouillen_2.jpg"}},"image_meta":{"aperture":"0","credit":"","camera":"","caption":"","created_timestamp":"0","copyright":"","focal_length":"0","iso":"0","shutter_speed":"0","title":"","orientation":"0","keywords":[]}},"post":5777,"source_url":"http:\/\/www.amis-musee-faience-quimper.fr\/wp-content\/uploads\/2021\/09\/Fouillen_2.jpg","_links":{"self":[{"href":"http:\/\/www.amis-musee-faience-quimper.fr\/index.php\/wp-json\/wp\/v2\/media\/5779","targetHints":{"allow":["GET"]}}],"collection":[{"href":"http:\/\/www.amis-musee-faience-quimper.fr\/index.php\/wp-json\/wp\/v2\/media"}],"about":[{"href":"http:\/\/www.amis-musee-faience-quimper.fr\/index.php\/wp-json\/wp\/v2\/types\/attachment"}],"author":[{"embeddable":true,"href":"http:\/\/www.amis-musee-faience-quimper.fr\/index.php\/wp-json\/wp\/v2\/users\/1"}],"replies":[{"embeddable":true,"href":"http:\/\/www.amis-musee-faience-quimper.fr\/index.php\/wp-json\/wp\/v2\/comments?post=5779"}],"wp:attached-to":[{"embeddable":true,"post_type":"post","id":5777,"href":"http:\/\/www.amis-musee-faience-quimper.fr\/index.php\/wp-json\/wp\/v2\/posts\/5777"}],"curies":[{"name":"wp","href":"https:\/\/api.w.org\/{rel}","templated":true}]}}

<p class="attachment"><a href='http://www.amis-musee-faience-quimper.fr/wp-content/uploads/2021/09/Fouillen_2.jpg'><img loading="lazy" decoding="async" width="300" height="182" src="http://www.amis-musee-faience-quimper.fr/wp-content/uploads/2021/09/Fouillen_2-300x182.jpg" class="attachment-medium size-medium" alt="Maison Fouillen" srcset="http://www.amis-musee-faience-quimper.fr/wp-content/uploads/2021/09/Fouillen_2-300x182.jpg 300w, http://www.amis-musee-faience-quimper.fr/wp-content/uploads/2021/09/Fouillen_2-496x300.jpg 496w, http://www.amis-musee-faience-quimper.fr/wp-content/uploads/2021/09/Fouillen_2.jpg 575w" sizes="auto, (max-width: 300px) 100vw, 300px" /></a></p>
<p>Article du Télégramme : « Maison Fouillen à Quimper : un compromis de vente est signé ».</p>

<p>Pour conserver l’âme de la maison, les petites céramiques aux murs, comme cette sonnette, devraient être conservées. <a href="http://www.amis-musee-faience-quimper.fr/index.php/2021/09/07/maison-fouillen-a-quimper-un-compromis-de-vente-est-signe-le-telegramme/fouillen_2/">Continuer la lecture <span class="meta-nav">&rarr;</span></a></p>
