{"id":5504,"date":"2021-08-04T08:17:52","date_gmt":"2021-08-04T06:17:52","guid":{"rendered":"http:\/\/www.amis-musee-faience-quimper.fr\/wp-content\/uploads\/2021\/08\/A-Quimper-et-si-la-faience-de-mamie-valait-une-fortune-4.jpg"},"modified":"2021-08-04T08:20:24","modified_gmt":"2021-08-04T06:20:24","slug":"a-quimper-et-si-la-faience-de-mamie-valait-une-fortune-4","status":"inherit","type":"attachment","link":"http:\/\/www.amis-musee-faience-quimper.fr\/index.php\/2021\/08\/04\/a-quimper-et-si-la-faience-de-mamie-valait-une-fortune-le-telegramme\/a-quimper-et-si-la-faience-de-mamie-valait-une-fortune-4\/","title":{"rendered":"\u00c0 Quimper, et si la fa\u00efence de mamie valait une fortune (4)"},"author":1,"featured_media":0,"comment_status":"open","ping_status":"closed","template":"","meta":{"_monsterinsights_skip_tracking":false,"_monsterinsights_sitenote_active":false,"_monsterinsights_sitenote_note":"","_monsterinsights_sitenote_category":0,"jetpack_post_was_ever_published":false},"class_list":["post-5504","attachment","type-attachment","status-inherit","hentry"],"aioseo_notices":[],"jetpack_sharing_enabled":true,"jetpack_shortlink":"https:\/\/wp.me\/a8tKLp-1qM","description":{"rendered":"<p class=\"attachment\"><a href='http:\/\/www.amis-musee-faience-quimper.fr\/wp-content\/uploads\/2021\/08\/A-Quimper-et-si-la-faience-de-mamie-valait-une-fortune-4.jpg'><img loading=\"lazy\" decoding=\"async\" width=\"300\" height=\"182\" src=\"http:\/\/www.amis-musee-faience-quimper.fr\/wp-content\/uploads\/2021\/08\/A-Quimper-et-si-la-faience-de-mamie-valait-une-fortune-4-300x182.jpg\" class=\"attachment-medium size-medium\" alt=\"Odetta\" srcset=\"http:\/\/www.amis-musee-faience-quimper.fr\/wp-content\/uploads\/2021\/08\/A-Quimper-et-si-la-faience-de-mamie-valait-une-fortune-4-300x182.jpg 300w, http:\/\/www.amis-musee-faience-quimper.fr\/wp-content\/uploads\/2021\/08\/A-Quimper-et-si-la-faience-de-mamie-valait-une-fortune-4-496x300.jpg 496w, http:\/\/www.amis-musee-faience-quimper.fr\/wp-content\/uploads\/2021\/08\/A-Quimper-et-si-la-faience-de-mamie-valait-une-fortune-4.jpg 575w\" sizes=\"auto, (max-width: 300px) 100vw, 300px\" \/><\/a><\/p>\n<p>Article du T\u00e9l\u00e9gramme : \u00ab\u00a0\u00c0 Quimper, et si la fa\u00efence de mamie valait une fortune ?\u00a0\u00bb.<\/p>\n"},"caption":{"rendered":"<p>Les pi\u00e8ces en gr\u00e8s, souvent dans un style art d\u00e9co, ont un aspect plus brun et mat. <a href=\"http:\/\/www.amis-musee-faience-quimper.fr\/index.php\/2021\/08\/04\/a-quimper-et-si-la-faience-de-mamie-valait-une-fortune-le-telegramme\/a-quimper-et-si-la-faience-de-mamie-valait-une-fortune-4\/\">Continuer la lecture <span class=\"meta-nav\">&rarr;<\/span><\/a><\/p>\n"},"alt_text":"Odetta","media_type":"image","mime_type":"image\/jpeg","media_details":{"width":575,"height":348,"file":"2021\/08\/A-Quimper-et-si-la-faience-de-mamie-valait-une-fortune-4.jpg","sizes":{"medium":{"file":"A-Quimper-et-si-la-faience-de-mamie-valait-une-fortune-4-300x182.jpg","width":300,"height":182,"mime_type":"image\/jpeg","source_url":"http:\/\/www.amis-musee-faience-quimper.fr\/wp-content\/uploads\/2021\/08\/A-Quimper-et-si-la-faience-de-mamie-valait-une-fortune-4-300x182.jpg"},"thumbnail":{"file":"A-Quimper-et-si-la-faience-de-mamie-valait-une-fortune-4-150x150.jpg","width":150,"height":150,"mime_type":"image\/jpeg","source_url":"http:\/\/www.amis-musee-faience-quimper.fr\/wp-content\/uploads\/2021\/08\/A-Quimper-et-si-la-faience-de-mamie-valait-une-fortune-4-150x150.jpg"},"post-thumbnail":{"file":"A-Quimper-et-si-la-faience-de-mamie-valait-une-fortune-4-575x288.jpg","width":575,"height":288,"mime_type":"image\/jpeg","source_url":"http:\/\/www.amis-musee-faience-quimper.fr\/wp-content\/uploads\/2021\/08\/A-Quimper-et-si-la-faience-de-mamie-valait-une-fortune-4-575x288.jpg"},"large-feature":{"file":"A-Quimper-et-si-la-faience-de-mamie-valait-une-fortune-4-575x288.jpg","width":575,"height":288,"mime_type":"image\/jpeg","source_url":"http:\/\/www.amis-musee-faience-quimper.fr\/wp-content\/uploads\/2021\/08\/A-Quimper-et-si-la-faience-de-mamie-valait-une-fortune-4-575x288.jpg"},"small-feature":{"file":"A-Quimper-et-si-la-faience-de-mamie-valait-une-fortune-4-496x300.jpg","width":496,"height":300,"mime_type":"image\/jpeg","source_url":"http:\/\/www.amis-musee-faience-quimper.fr\/wp-content\/uploads\/2021\/08\/A-Quimper-et-si-la-faience-de-mamie-valait-une-fortune-4-496x300.jpg"},"full":{"file":"A-Quimper-et-si-la-faience-de-mamie-valait-une-fortune-4.jpg","width":575,"height":348,"mime_type":"image\/jpeg","source_url":"http:\/\/www.amis-musee-faience-quimper.fr\/wp-content\/uploads\/2021\/08\/A-Quimper-et-si-la-faience-de-mamie-valait-une-fortune-4.jpg"}},"image_meta":{"aperture":"0","credit":"","camera":"","caption":"","created_timestamp":"0","copyright":"","focal_length":"0","iso":"0","shutter_speed":"0","title":"","orientation":"0","keywords":[]}},"post":5500,"source_url":"http:\/\/www.amis-musee-faience-quimper.fr\/wp-content\/uploads\/2021\/08\/A-Quimper-et-si-la-faience-de-mamie-valait-une-fortune-4.jpg","_links":{"self":[{"href":"http:\/\/www.amis-musee-faience-quimper.fr\/index.php\/wp-json\/wp\/v2\/media\/5504","targetHints":{"allow":["GET"]}}],"collection":[{"href":"http:\/\/www.amis-musee-faience-quimper.fr\/index.php\/wp-json\/wp\/v2\/media"}],"about":[{"href":"http:\/\/www.amis-musee-faience-quimper.fr\/index.php\/wp-json\/wp\/v2\/types\/attachment"}],"author":[{"embeddable":true,"href":"http:\/\/www.amis-musee-faience-quimper.fr\/index.php\/wp-json\/wp\/v2\/users\/1"}],"replies":[{"embeddable":true,"href":"http:\/\/www.amis-musee-faience-quimper.fr\/index.php\/wp-json\/wp\/v2\/comments?post=5504"}],"wp:attached-to":[{"embeddable":true,"post_type":"post","id":5500,"href":"http:\/\/www.amis-musee-faience-quimper.fr\/index.php\/wp-json\/wp\/v2\/posts\/5500"}],"curies":[{"name":"wp","href":"https:\/\/api.w.org\/{rel}","templated":true}]}}

À Quimper, et si la faïence de mamie valait une fortune (4)

<p class="attachment"><a href='http://www.amis-musee-faience-quimper.fr/wp-content/uploads/2021/08/A-Quimper-et-si-la-faience-de-mamie-valait-une-fortune-4.jpg'><img loading="lazy" decoding="async" width="300" height="182" src="http://www.amis-musee-faience-quimper.fr/wp-content/uploads/2021/08/A-Quimper-et-si-la-faience-de-mamie-valait-une-fortune-4-300x182.jpg" class="attachment-medium size-medium" alt="Odetta" srcset="http://www.amis-musee-faience-quimper.fr/wp-content/uploads/2021/08/A-Quimper-et-si-la-faience-de-mamie-valait-une-fortune-4-300x182.jpg 300w, http://www.amis-musee-faience-quimper.fr/wp-content/uploads/2021/08/A-Quimper-et-si-la-faience-de-mamie-valait-une-fortune-4-496x300.jpg 496w, http://www.amis-musee-faience-quimper.fr/wp-content/uploads/2021/08/A-Quimper-et-si-la-faience-de-mamie-valait-une-fortune-4.jpg 575w" sizes="auto, (max-width: 300px) 100vw, 300px" /></a></p>
<p>Article du Télégramme : « À Quimper, et si la faïence de mamie valait une fortune ? ».</p>

<p>Les pièces en grès, souvent dans un style art déco, ont un aspect plus brun et mat. <a href="http://www.amis-musee-faience-quimper.fr/index.php/2021/08/04/a-quimper-et-si-la-faience-de-mamie-valait-une-fortune-le-telegramme/a-quimper-et-si-la-faience-de-mamie-valait-une-fortune-4/">Continuer la lecture <span class="meta-nav">&rarr;</span></a></p>
