{"id":5503,"date":"2021-08-04T08:17:50","date_gmt":"2021-08-04T06:17:50","guid":{"rendered":"http:\/\/www.amis-musee-faience-quimper.fr\/wp-content\/uploads\/2021\/08\/A-Quimper-et-si-la-faience-de-mamie-valait-une-fortune-3.jpg"},"modified":"2021-08-04T08:19:47","modified_gmt":"2021-08-04T06:19:47","slug":"a-quimper-et-si-la-faience-de-mamie-valait-une-fortune-3","status":"inherit","type":"attachment","link":"http:\/\/www.amis-musee-faience-quimper.fr\/index.php\/2021\/08\/04\/a-quimper-et-si-la-faience-de-mamie-valait-une-fortune-le-telegramme\/a-quimper-et-si-la-faience-de-mamie-valait-une-fortune-3\/","title":{"rendered":"\u00c0 Quimper, et si la fa\u00efence de mamie valait une fortune (3)"},"author":1,"featured_media":0,"comment_status":"open","ping_status":"closed","template":"","meta":{"_monsterinsights_skip_tracking":false,"_monsterinsights_sitenote_active":false,"_monsterinsights_sitenote_note":"","_monsterinsights_sitenote_category":0,"jetpack_post_was_ever_published":false},"class_list":["post-5503","attachment","type-attachment","status-inherit","hentry"],"aioseo_notices":[],"jetpack_sharing_enabled":true,"jetpack_shortlink":"https:\/\/wp.me\/a8tKLp-1qL","description":{"rendered":"<p class=\"attachment\"><a href='http:\/\/www.amis-musee-faience-quimper.fr\/wp-content\/uploads\/2021\/08\/A-Quimper-et-si-la-faience-de-mamie-valait-une-fortune-3.jpg'><img loading=\"lazy\" decoding=\"async\" width=\"300\" height=\"194\" src=\"http:\/\/www.amis-musee-faience-quimper.fr\/wp-content\/uploads\/2021\/08\/A-Quimper-et-si-la-faience-de-mamie-valait-une-fortune-3-300x194.jpg\" class=\"attachment-medium size-medium\" alt=\"Pierre Cl\u00e9ment Caussy et de Marie-Jeanne Bellevaux\" srcset=\"http:\/\/www.amis-musee-faience-quimper.fr\/wp-content\/uploads\/2021\/08\/A-Quimper-et-si-la-faience-de-mamie-valait-une-fortune-3-300x194.jpg 300w, http:\/\/www.amis-musee-faience-quimper.fr\/wp-content\/uploads\/2021\/08\/A-Quimper-et-si-la-faience-de-mamie-valait-une-fortune-3-465x300.jpg 465w, http:\/\/www.amis-musee-faience-quimper.fr\/wp-content\/uploads\/2021\/08\/A-Quimper-et-si-la-faience-de-mamie-valait-une-fortune-3.jpg 576w\" sizes=\"auto, (max-width: 300px) 100vw, 300px\" \/><\/a><\/p>\n<p>Article du T\u00e9l\u00e9gramme : \u00ab\u00a0\u00c0 Quimper, et si la fa\u00efence de mamie valait une fortune ?\u00a0\u00bb.<\/p>\n"},"caption":{"rendered":"<p>La pi\u00e8ce la plus ancienne du mus\u00e9e est le drageoir de mariage de Pierre Cl\u00e9ment Caussy et de Marie-Jeanne Bellevaux. Il date de 1749. <a href=\"http:\/\/www.amis-musee-faience-quimper.fr\/index.php\/2021\/08\/04\/a-quimper-et-si-la-faience-de-mamie-valait-une-fortune-le-telegramme\/a-quimper-et-si-la-faience-de-mamie-valait-une-fortune-3\/\">Continuer la lecture <span class=\"meta-nav\">&rarr;<\/span><\/a><\/p>\n"},"alt_text":"Pierre Cl\u00e9ment Caussy et de Marie-Jeanne Bellevaux","media_type":"image","mime_type":"image\/jpeg","media_details":{"width":576,"height":372,"file":"2021\/08\/A-Quimper-et-si-la-faience-de-mamie-valait-une-fortune-3.jpg","sizes":{"medium":{"file":"A-Quimper-et-si-la-faience-de-mamie-valait-une-fortune-3-300x194.jpg","width":300,"height":194,"mime_type":"image\/jpeg","source_url":"http:\/\/www.amis-musee-faience-quimper.fr\/wp-content\/uploads\/2021\/08\/A-Quimper-et-si-la-faience-de-mamie-valait-une-fortune-3-300x194.jpg"},"thumbnail":{"file":"A-Quimper-et-si-la-faience-de-mamie-valait-une-fortune-3-150x150.jpg","width":150,"height":150,"mime_type":"image\/jpeg","source_url":"http:\/\/www.amis-musee-faience-quimper.fr\/wp-content\/uploads\/2021\/08\/A-Quimper-et-si-la-faience-de-mamie-valait-une-fortune-3-150x150.jpg"},"post-thumbnail":{"file":"A-Quimper-et-si-la-faience-de-mamie-valait-une-fortune-3-576x288.jpg","width":576,"height":288,"mime_type":"image\/jpeg","source_url":"http:\/\/www.amis-musee-faience-quimper.fr\/wp-content\/uploads\/2021\/08\/A-Quimper-et-si-la-faience-de-mamie-valait-une-fortune-3-576x288.jpg"},"large-feature":{"file":"A-Quimper-et-si-la-faience-de-mamie-valait-une-fortune-3-576x288.jpg","width":576,"height":288,"mime_type":"image\/jpeg","source_url":"http:\/\/www.amis-musee-faience-quimper.fr\/wp-content\/uploads\/2021\/08\/A-Quimper-et-si-la-faience-de-mamie-valait-une-fortune-3-576x288.jpg"},"small-feature":{"file":"A-Quimper-et-si-la-faience-de-mamie-valait-une-fortune-3-465x300.jpg","width":465,"height":300,"mime_type":"image\/jpeg","source_url":"http:\/\/www.amis-musee-faience-quimper.fr\/wp-content\/uploads\/2021\/08\/A-Quimper-et-si-la-faience-de-mamie-valait-une-fortune-3-465x300.jpg"},"full":{"file":"A-Quimper-et-si-la-faience-de-mamie-valait-une-fortune-3.jpg","width":576,"height":372,"mime_type":"image\/jpeg","source_url":"http:\/\/www.amis-musee-faience-quimper.fr\/wp-content\/uploads\/2021\/08\/A-Quimper-et-si-la-faience-de-mamie-valait-une-fortune-3.jpg"}},"image_meta":{"aperture":"0","credit":"","camera":"","caption":"","created_timestamp":"0","copyright":"","focal_length":"0","iso":"0","shutter_speed":"0","title":"","orientation":"0","keywords":[]}},"post":5500,"source_url":"http:\/\/www.amis-musee-faience-quimper.fr\/wp-content\/uploads\/2021\/08\/A-Quimper-et-si-la-faience-de-mamie-valait-une-fortune-3.jpg","_links":{"self":[{"href":"http:\/\/www.amis-musee-faience-quimper.fr\/index.php\/wp-json\/wp\/v2\/media\/5503","targetHints":{"allow":["GET"]}}],"collection":[{"href":"http:\/\/www.amis-musee-faience-quimper.fr\/index.php\/wp-json\/wp\/v2\/media"}],"about":[{"href":"http:\/\/www.amis-musee-faience-quimper.fr\/index.php\/wp-json\/wp\/v2\/types\/attachment"}],"author":[{"embeddable":true,"href":"http:\/\/www.amis-musee-faience-quimper.fr\/index.php\/wp-json\/wp\/v2\/users\/1"}],"replies":[{"embeddable":true,"href":"http:\/\/www.amis-musee-faience-quimper.fr\/index.php\/wp-json\/wp\/v2\/comments?post=5503"}],"wp:attached-to":[{"embeddable":true,"post_type":"post","id":5500,"href":"http:\/\/www.amis-musee-faience-quimper.fr\/index.php\/wp-json\/wp\/v2\/posts\/5500"}],"curies":[{"name":"wp","href":"https:\/\/api.w.org\/{rel}","templated":true}]}}

À Quimper, et si la faïence de mamie valait une fortune (3)

<p class="attachment"><a href='http://www.amis-musee-faience-quimper.fr/wp-content/uploads/2021/08/A-Quimper-et-si-la-faience-de-mamie-valait-une-fortune-3.jpg'><img loading="lazy" decoding="async" width="300" height="194" src="http://www.amis-musee-faience-quimper.fr/wp-content/uploads/2021/08/A-Quimper-et-si-la-faience-de-mamie-valait-une-fortune-3-300x194.jpg" class="attachment-medium size-medium" alt="Pierre Clément Caussy et de Marie-Jeanne Bellevaux" srcset="http://www.amis-musee-faience-quimper.fr/wp-content/uploads/2021/08/A-Quimper-et-si-la-faience-de-mamie-valait-une-fortune-3-300x194.jpg 300w, http://www.amis-musee-faience-quimper.fr/wp-content/uploads/2021/08/A-Quimper-et-si-la-faience-de-mamie-valait-une-fortune-3-465x300.jpg 465w, http://www.amis-musee-faience-quimper.fr/wp-content/uploads/2021/08/A-Quimper-et-si-la-faience-de-mamie-valait-une-fortune-3.jpg 576w" sizes="auto, (max-width: 300px) 100vw, 300px" /></a></p>
<p>Article du Télégramme : « À Quimper, et si la faïence de mamie valait une fortune ? ».</p>

<p>La pièce la plus ancienne du musée est le drageoir de mariage de Pierre Clément Caussy et de Marie-Jeanne Bellevaux. Il date de 1749. <a href="http://www.amis-musee-faience-quimper.fr/index.php/2021/08/04/a-quimper-et-si-la-faience-de-mamie-valait-une-fortune-le-telegramme/a-quimper-et-si-la-faience-de-mamie-valait-une-fortune-3/">Continuer la lecture <span class="meta-nav">&rarr;</span></a></p>

Pierre Clément Caussy et de Marie-Jeanne Bellevaux
