{"id":5187,"date":"2021-05-13T19:14:17","date_gmt":"2021-05-13T17:14:17","guid":{"rendered":"http:\/\/www.amis-musee-faience-quimper.fr\/wp-content\/uploads\/2021\/05\/Petit-Breton.jpg"},"modified":"2021-05-13T19:15:40","modified_gmt":"2021-05-13T17:15:40","slug":"petit-breton","status":"inherit","type":"attachment","link":"http:\/\/www.amis-musee-faience-quimper.fr\/index.php\/2021\/05\/13\/des-tresors-dans-vos-greniers-que-vaut-la-faience-de-quimper-la-presse-darmor\/petit-breton\/","title":{"rendered":"Petit Breton"},"author":1,"featured_media":0,"comment_status":"open","ping_status":"closed","template":"","meta":{"_monsterinsights_skip_tracking":false,"_monsterinsights_sitenote_active":false,"_monsterinsights_sitenote_note":"","_monsterinsights_sitenote_category":0,"jetpack_post_was_ever_published":false},"class_list":["post-5187","attachment","type-attachment","status-inherit","hentry"],"aioseo_notices":[],"jetpack_sharing_enabled":true,"jetpack_shortlink":"https:\/\/wp.me\/a8tKLp-1lF","description":{"rendered":"<p class=\"attachment\"><a href='http:\/\/www.amis-musee-faience-quimper.fr\/wp-content\/uploads\/2021\/05\/Petit-Breton.jpg'><img loading=\"lazy\" decoding=\"async\" width=\"300\" height=\"300\" src=\"http:\/\/www.amis-musee-faience-quimper.fr\/wp-content\/uploads\/2021\/05\/Petit-Breton-300x300.jpg\" class=\"attachment-medium size-medium\" alt=\"Petit Breton\" srcset=\"http:\/\/www.amis-musee-faience-quimper.fr\/wp-content\/uploads\/2021\/05\/Petit-Breton-300x300.jpg 300w, http:\/\/www.amis-musee-faience-quimper.fr\/wp-content\/uploads\/2021\/05\/Petit-Breton-1024x1024.jpg 1024w, http:\/\/www.amis-musee-faience-quimper.fr\/wp-content\/uploads\/2021\/05\/Petit-Breton-150x150.jpg 150w, http:\/\/www.amis-musee-faience-quimper.fr\/wp-content\/uploads\/2021\/05\/Petit-Breton-768x768.jpg 768w, http:\/\/www.amis-musee-faience-quimper.fr\/wp-content\/uploads\/2021\/05\/Petit-Breton.jpg 1280w\" sizes=\"auto, (max-width: 300px) 100vw, 300px\" \/><\/a><\/p>\n<p>Article de la Presse d&rsquo;Armor : \u00ab\u00a0Des tr\u00e9sors dans vos greniers : que vaut la fa\u00efence de Quimper ?\u00a0\u00bb.<\/p>\n"},"caption":{"rendered":"<p>Petits Bretons et autres sc\u00e8nes de la vie quotidienne ornaient les assiettes destin\u00e9es aux premiers touristes et avant tout \u00e0 la d\u00e9coration et non aux arts de la table. <a href=\"http:\/\/www.amis-musee-faience-quimper.fr\/index.php\/2021\/05\/13\/des-tresors-dans-vos-greniers-que-vaut-la-faience-de-quimper-la-presse-darmor\/petit-breton\/\">Continuer la lecture <span class=\"meta-nav\">&rarr;<\/span><\/a><\/p>\n"},"alt_text":"Petit Breton","media_type":"image","mime_type":"image\/jpeg","media_details":{"width":1280,"height":1280,"file":"2021\/05\/Petit-Breton.jpg","sizes":{"medium":{"file":"Petit-Breton-300x300.jpg","width":300,"height":300,"mime_type":"image\/jpeg","source_url":"http:\/\/www.amis-musee-faience-quimper.fr\/wp-content\/uploads\/2021\/05\/Petit-Breton-300x300.jpg"},"large":{"file":"Petit-Breton-1024x1024.jpg","width":1024,"height":1024,"mime_type":"image\/jpeg","source_url":"http:\/\/www.amis-musee-faience-quimper.fr\/wp-content\/uploads\/2021\/05\/Petit-Breton-1024x1024.jpg"},"thumbnail":{"file":"Petit-Breton-150x150.jpg","width":150,"height":150,"mime_type":"image\/jpeg","source_url":"http:\/\/www.amis-musee-faience-quimper.fr\/wp-content\/uploads\/2021\/05\/Petit-Breton-150x150.jpg"},"medium_large":{"file":"Petit-Breton-768x768.jpg","width":768,"height":768,"mime_type":"image\/jpeg","source_url":"http:\/\/www.amis-musee-faience-quimper.fr\/wp-content\/uploads\/2021\/05\/Petit-Breton-768x768.jpg"},"post-thumbnail":{"file":"Petit-Breton-1000x288.jpg","width":1000,"height":288,"mime_type":"image\/jpeg","source_url":"http:\/\/www.amis-musee-faience-quimper.fr\/wp-content\/uploads\/2021\/05\/Petit-Breton-1000x288.jpg"},"large-feature":{"file":"Petit-Breton-1000x288.jpg","width":1000,"height":288,"mime_type":"image\/jpeg","source_url":"http:\/\/www.amis-musee-faience-quimper.fr\/wp-content\/uploads\/2021\/05\/Petit-Breton-1000x288.jpg"},"small-feature":{"file":"Petit-Breton-300x300.jpg","width":300,"height":300,"mime_type":"image\/jpeg","source_url":"http:\/\/www.amis-musee-faience-quimper.fr\/wp-content\/uploads\/2021\/05\/Petit-Breton-300x300.jpg"},"full":{"file":"Petit-Breton.jpg","width":1280,"height":1280,"mime_type":"image\/jpeg","source_url":"http:\/\/www.amis-musee-faience-quimper.fr\/wp-content\/uploads\/2021\/05\/Petit-Breton.jpg"}},"image_meta":{"aperture":"0","credit":"","camera":"","caption":"","created_timestamp":"0","copyright":"","focal_length":"0","iso":"0","shutter_speed":"0","title":"","orientation":"0","keywords":[]}},"post":5186,"source_url":"http:\/\/www.amis-musee-faience-quimper.fr\/wp-content\/uploads\/2021\/05\/Petit-Breton.jpg","_links":{"self":[{"href":"http:\/\/www.amis-musee-faience-quimper.fr\/index.php\/wp-json\/wp\/v2\/media\/5187","targetHints":{"allow":["GET"]}}],"collection":[{"href":"http:\/\/www.amis-musee-faience-quimper.fr\/index.php\/wp-json\/wp\/v2\/media"}],"about":[{"href":"http:\/\/www.amis-musee-faience-quimper.fr\/index.php\/wp-json\/wp\/v2\/types\/attachment"}],"author":[{"embeddable":true,"href":"http:\/\/www.amis-musee-faience-quimper.fr\/index.php\/wp-json\/wp\/v2\/users\/1"}],"replies":[{"embeddable":true,"href":"http:\/\/www.amis-musee-faience-quimper.fr\/index.php\/wp-json\/wp\/v2\/comments?post=5187"}],"wp:attached-to":[{"embeddable":true,"post_type":"post","id":5186,"href":"http:\/\/www.amis-musee-faience-quimper.fr\/index.php\/wp-json\/wp\/v2\/posts\/5186"}],"curies":[{"name":"wp","href":"https:\/\/api.w.org\/{rel}","templated":true}]}}

<p class="attachment"><a href='http://www.amis-musee-faience-quimper.fr/wp-content/uploads/2021/05/Petit-Breton.jpg'><img loading="lazy" decoding="async" width="300" height="300" src="http://www.amis-musee-faience-quimper.fr/wp-content/uploads/2021/05/Petit-Breton-300x300.jpg" class="attachment-medium size-medium" alt="Petit Breton" srcset="http://www.amis-musee-faience-quimper.fr/wp-content/uploads/2021/05/Petit-Breton-300x300.jpg 300w, http://www.amis-musee-faience-quimper.fr/wp-content/uploads/2021/05/Petit-Breton-1024x1024.jpg 1024w, http://www.amis-musee-faience-quimper.fr/wp-content/uploads/2021/05/Petit-Breton-150x150.jpg 150w, http://www.amis-musee-faience-quimper.fr/wp-content/uploads/2021/05/Petit-Breton-768x768.jpg 768w, http://www.amis-musee-faience-quimper.fr/wp-content/uploads/2021/05/Petit-Breton.jpg 1280w" sizes="auto, (max-width: 300px) 100vw, 300px" /></a></p>
<p>Article de la Presse d&rsquo;Armor : « Des trésors dans vos greniers : que vaut la faïence de Quimper ? ».</p>

<p>Petits Bretons et autres scènes de la vie quotidienne ornaient les assiettes destinées aux premiers touristes et avant tout à la décoration et non aux arts de la table. <a href="http://www.amis-musee-faience-quimper.fr/index.php/2021/05/13/des-tresors-dans-vos-greniers-que-vaut-la-faience-de-quimper-la-presse-darmor/petit-breton/">Continuer la lecture <span class="meta-nav">&rarr;</span></a></p>
