{"id":5066,"date":"2021-03-19T18:13:20","date_gmt":"2021-03-19T17:13:20","guid":{"rendered":"http:\/\/www.amis-musee-faience-quimper.fr\/wp-content\/uploads\/2021\/03\/Musee_2021_installation.jpg"},"modified":"2021-03-19T18:16:58","modified_gmt":"2021-03-19T17:16:58","slug":"musee_2021_installation","status":"inherit","type":"attachment","link":"http:\/\/www.amis-musee-faience-quimper.fr\/index.php\/2021\/03\/19\/report-de-lassemblee-generale-2021\/musee_2021_installation\/","title":{"rendered":"Mus\u00e9e_2021_installation"},"author":1,"featured_media":0,"comment_status":"open","ping_status":"closed","template":"","meta":{"_monsterinsights_skip_tracking":false,"_monsterinsights_sitenote_active":false,"_monsterinsights_sitenote_note":"","_monsterinsights_sitenote_category":0,"jetpack_post_was_ever_published":false},"class_list":["post-5066","attachment","type-attachment","status-inherit","hentry"],"aioseo_notices":[],"jetpack_sharing_enabled":true,"jetpack_shortlink":"https:\/\/wp.me\/a8tKLp-1jI","description":{"rendered":"<p class=\"attachment\"><a href='http:\/\/www.amis-musee-faience-quimper.fr\/wp-content\/uploads\/2021\/03\/Musee_2021_installation.jpg'><img loading=\"lazy\" decoding=\"async\" width=\"300\" height=\"169\" src=\"http:\/\/www.amis-musee-faience-quimper.fr\/wp-content\/uploads\/2021\/03\/Musee_2021_installation-300x169.jpg\" class=\"attachment-medium size-medium\" alt=\"J\u00e9r\u00e9my Varoquier\" srcset=\"http:\/\/www.amis-musee-faience-quimper.fr\/wp-content\/uploads\/2021\/03\/Musee_2021_installation-300x169.jpg 300w, http:\/\/www.amis-musee-faience-quimper.fr\/wp-content\/uploads\/2021\/03\/Musee_2021_installation-768x432.jpg 768w, http:\/\/www.amis-musee-faience-quimper.fr\/wp-content\/uploads\/2021\/03\/Musee_2021_installation-500x281.jpg 500w, http:\/\/www.amis-musee-faience-quimper.fr\/wp-content\/uploads\/2021\/03\/Musee_2021_installation.jpg 1000w\" sizes=\"auto, (max-width: 300px) 100vw, 300px\" \/><\/a><\/p>\n<p>Report de l&rsquo;association g\u00e9n\u00e9rale de l&rsquo;association.<\/p>\n"},"caption":{"rendered":"<p>J\u00e9r\u00e9my Varoquier (assistant principal au Mus\u00e9e de la fa\u00efence) pr\u00e9pare l&rsquo;agencement et la nouvelle sc\u00e9nographie des vitrines. <a href=\"http:\/\/www.amis-musee-faience-quimper.fr\/index.php\/2021\/03\/19\/report-de-lassemblee-generale-2021\/musee_2021_installation\/\">Continuer la lecture <span class=\"meta-nav\">&rarr;<\/span><\/a><\/p>\n"},"alt_text":"J\u00e9r\u00e9my Varoquier","media_type":"image","mime_type":"image\/jpeg","media_details":{"width":1000,"height":562,"file":"2021\/03\/Musee_2021_installation.jpg","sizes":{"medium":{"file":"Musee_2021_installation-300x169.jpg","width":300,"height":169,"mime_type":"image\/jpeg","source_url":"http:\/\/www.amis-musee-faience-quimper.fr\/wp-content\/uploads\/2021\/03\/Musee_2021_installation-300x169.jpg"},"thumbnail":{"file":"Musee_2021_installation-150x150.jpg","width":150,"height":150,"mime_type":"image\/jpeg","source_url":"http:\/\/www.amis-musee-faience-quimper.fr\/wp-content\/uploads\/2021\/03\/Musee_2021_installation-150x150.jpg"},"medium_large":{"file":"Musee_2021_installation-768x432.jpg","width":768,"height":432,"mime_type":"image\/jpeg","source_url":"http:\/\/www.amis-musee-faience-quimper.fr\/wp-content\/uploads\/2021\/03\/Musee_2021_installation-768x432.jpg"},"post-thumbnail":{"file":"Musee_2021_installation-1000x288.jpg","width":1000,"height":288,"mime_type":"image\/jpeg","source_url":"http:\/\/www.amis-musee-faience-quimper.fr\/wp-content\/uploads\/2021\/03\/Musee_2021_installation-1000x288.jpg"},"large-feature":{"file":"Musee_2021_installation-1000x288.jpg","width":1000,"height":288,"mime_type":"image\/jpeg","source_url":"http:\/\/www.amis-musee-faience-quimper.fr\/wp-content\/uploads\/2021\/03\/Musee_2021_installation-1000x288.jpg"},"small-feature":{"file":"Musee_2021_installation-500x281.jpg","width":500,"height":281,"mime_type":"image\/jpeg","source_url":"http:\/\/www.amis-musee-faience-quimper.fr\/wp-content\/uploads\/2021\/03\/Musee_2021_installation-500x281.jpg"},"full":{"file":"Musee_2021_installation.jpg","width":1000,"height":562,"mime_type":"image\/jpeg","source_url":"http:\/\/www.amis-musee-faience-quimper.fr\/wp-content\/uploads\/2021\/03\/Musee_2021_installation.jpg"}},"image_meta":{"aperture":"2","credit":"","camera":"F5321","caption":"","created_timestamp":"1615456981","copyright":"","focal_length":"4.23","iso":"40","shutter_speed":"0.03125","title":"","orientation":"1","keywords":[]}},"post":5064,"source_url":"http:\/\/www.amis-musee-faience-quimper.fr\/wp-content\/uploads\/2021\/03\/Musee_2021_installation.jpg","_links":{"self":[{"href":"http:\/\/www.amis-musee-faience-quimper.fr\/index.php\/wp-json\/wp\/v2\/media\/5066","targetHints":{"allow":["GET"]}}],"collection":[{"href":"http:\/\/www.amis-musee-faience-quimper.fr\/index.php\/wp-json\/wp\/v2\/media"}],"about":[{"href":"http:\/\/www.amis-musee-faience-quimper.fr\/index.php\/wp-json\/wp\/v2\/types\/attachment"}],"author":[{"embeddable":true,"href":"http:\/\/www.amis-musee-faience-quimper.fr\/index.php\/wp-json\/wp\/v2\/users\/1"}],"replies":[{"embeddable":true,"href":"http:\/\/www.amis-musee-faience-quimper.fr\/index.php\/wp-json\/wp\/v2\/comments?post=5066"}],"wp:attached-to":[{"embeddable":true,"post_type":"post","id":5064,"href":"http:\/\/www.amis-musee-faience-quimper.fr\/index.php\/wp-json\/wp\/v2\/posts\/5064"}],"curies":[{"name":"wp","href":"https:\/\/api.w.org\/{rel}","templated":true}]}}

Musée_2021_installation

<p class="attachment"><a href='http://www.amis-musee-faience-quimper.fr/wp-content/uploads/2021/03/Musee_2021_installation.jpg'><img loading="lazy" decoding="async" width="300" height="169" src="http://www.amis-musee-faience-quimper.fr/wp-content/uploads/2021/03/Musee_2021_installation-300x169.jpg" class="attachment-medium size-medium" alt="Jérémy Varoquier" srcset="http://www.amis-musee-faience-quimper.fr/wp-content/uploads/2021/03/Musee_2021_installation-300x169.jpg 300w, http://www.amis-musee-faience-quimper.fr/wp-content/uploads/2021/03/Musee_2021_installation-768x432.jpg 768w, http://www.amis-musee-faience-quimper.fr/wp-content/uploads/2021/03/Musee_2021_installation-500x281.jpg 500w, http://www.amis-musee-faience-quimper.fr/wp-content/uploads/2021/03/Musee_2021_installation.jpg 1000w" sizes="auto, (max-width: 300px) 100vw, 300px" /></a></p>
<p>Report de l&rsquo;association générale de l&rsquo;association.</p>

<p>Jérémy Varoquier (assistant principal au Musée de la faïence) prépare l&rsquo;agencement et la nouvelle scénographie des vitrines. <a href="http://www.amis-musee-faience-quimper.fr/index.php/2021/03/19/report-de-lassemblee-generale-2021/musee_2021_installation/">Continuer la lecture <span class="meta-nav">&rarr;</span></a></p>

Jérémy Varoquier
