{"id":4777,"date":"2020-12-01T22:50:41","date_gmt":"2020-12-01T21:50:41","guid":{"rendered":"http:\/\/www.amis-musee-faience-quimper.fr\/wp-content\/uploads\/2020\/12\/Tresors_bretons.jpg"},"modified":"2020-12-01T22:53:37","modified_gmt":"2020-12-01T21:53:37","slug":"tresors_bretons","status":"inherit","type":"attachment","link":"http:\/\/www.amis-musee-faience-quimper.fr\/index.php\/2020\/12\/02\/les-publications-a-paraitre-a-la-fin-de-lannee-2020\/tresors_bretons\/","title":{"rendered":"Tr\u00e9sors_bretons"},"author":1,"featured_media":0,"comment_status":"open","ping_status":"closed","template":"","meta":{"_monsterinsights_skip_tracking":false,"_monsterinsights_sitenote_active":false,"_monsterinsights_sitenote_note":"","_monsterinsights_sitenote_category":0,"jetpack_post_was_ever_published":false},"class_list":["post-4777","attachment","type-attachment","status-inherit","hentry"],"aioseo_notices":[],"jetpack_sharing_enabled":true,"jetpack_shortlink":"https:\/\/wp.me\/a8tKLp-1f3","description":{"rendered":"<p class=\"attachment\"><a href='http:\/\/www.amis-musee-faience-quimper.fr\/wp-content\/uploads\/2020\/12\/Tresors_bretons.jpg'><img loading=\"lazy\" decoding=\"async\" width=\"237\" height=\"300\" src=\"http:\/\/www.amis-musee-faience-quimper.fr\/wp-content\/uploads\/2020\/12\/Tresors_bretons-237x300.jpg\" class=\"attachment-medium size-medium\" alt=\"Tr\u00e9sors bretons - V\u00e9ronique Le Bagousse\" srcset=\"http:\/\/www.amis-musee-faience-quimper.fr\/wp-content\/uploads\/2020\/12\/Tresors_bretons-237x300.jpg 237w, http:\/\/www.amis-musee-faience-quimper.fr\/wp-content\/uploads\/2020\/12\/Tresors_bretons.jpg 600w\" sizes=\"auto, (max-width: 237px) 100vw, 237px\" \/><\/a><\/p>\n<p>Couverture du livre : Tr\u00e9sors bretons, Objets pris\u00e9s de vos greniers &#8211; \u00e9ditions Coop Breizh.<\/p>\n"},"caption":{"rendered":"<p>Couverture du livre : Tr\u00e9sors bretons, Objets pris\u00e9s de vos greniers &#8211; \u00e9ditions Coop Breizh.<\/p>\n"},"alt_text":"Tr\u00e9sors bretons - V\u00e9ronique Le Bagousse","media_type":"image","mime_type":"image\/jpeg","media_details":{"width":600,"height":760,"file":"2020\/12\/Tresors_bretons.jpg","sizes":{"medium":{"file":"Tresors_bretons-237x300.jpg","width":237,"height":300,"mime_type":"image\/jpeg","source_url":"http:\/\/www.amis-musee-faience-quimper.fr\/wp-content\/uploads\/2020\/12\/Tresors_bretons-237x300.jpg"},"thumbnail":{"file":"Tresors_bretons-150x150.jpg","width":150,"height":150,"mime_type":"image\/jpeg","source_url":"http:\/\/www.amis-musee-faience-quimper.fr\/wp-content\/uploads\/2020\/12\/Tresors_bretons-150x150.jpg"},"post-thumbnail":{"file":"Tresors_bretons-600x288.jpg","width":600,"height":288,"mime_type":"image\/jpeg","source_url":"http:\/\/www.amis-musee-faience-quimper.fr\/wp-content\/uploads\/2020\/12\/Tresors_bretons-600x288.jpg"},"large-feature":{"file":"Tresors_bretons-600x288.jpg","width":600,"height":288,"mime_type":"image\/jpeg","source_url":"http:\/\/www.amis-musee-faience-quimper.fr\/wp-content\/uploads\/2020\/12\/Tresors_bretons-600x288.jpg"},"small-feature":{"file":"Tresors_bretons-237x300.jpg","width":237,"height":300,"mime_type":"image\/jpeg","source_url":"http:\/\/www.amis-musee-faience-quimper.fr\/wp-content\/uploads\/2020\/12\/Tresors_bretons-237x300.jpg"},"full":{"file":"Tresors_bretons.jpg","width":600,"height":760,"mime_type":"image\/jpeg","source_url":"http:\/\/www.amis-musee-faience-quimper.fr\/wp-content\/uploads\/2020\/12\/Tresors_bretons.jpg"}},"image_meta":{"aperture":"0","credit":"","camera":"","caption":"","created_timestamp":"0","copyright":"","focal_length":"0","iso":"0","shutter_speed":"0","title":"","orientation":"1","keywords":[]}},"post":4771,"source_url":"http:\/\/www.amis-musee-faience-quimper.fr\/wp-content\/uploads\/2020\/12\/Tresors_bretons.jpg","_links":{"self":[{"href":"http:\/\/www.amis-musee-faience-quimper.fr\/index.php\/wp-json\/wp\/v2\/media\/4777","targetHints":{"allow":["GET"]}}],"collection":[{"href":"http:\/\/www.amis-musee-faience-quimper.fr\/index.php\/wp-json\/wp\/v2\/media"}],"about":[{"href":"http:\/\/www.amis-musee-faience-quimper.fr\/index.php\/wp-json\/wp\/v2\/types\/attachment"}],"author":[{"embeddable":true,"href":"http:\/\/www.amis-musee-faience-quimper.fr\/index.php\/wp-json\/wp\/v2\/users\/1"}],"replies":[{"embeddable":true,"href":"http:\/\/www.amis-musee-faience-quimper.fr\/index.php\/wp-json\/wp\/v2\/comments?post=4777"}],"wp:attached-to":[{"embeddable":true,"post_type":"post","id":4771,"href":"http:\/\/www.amis-musee-faience-quimper.fr\/index.php\/wp-json\/wp\/v2\/posts\/4771"}],"curies":[{"name":"wp","href":"https:\/\/api.w.org\/{rel}","templated":true}]}}

Trésors_bretons

<p class="attachment"><a href='http://www.amis-musee-faience-quimper.fr/wp-content/uploads/2020/12/Tresors_bretons.jpg'><img loading="lazy" decoding="async" width="237" height="300" src="http://www.amis-musee-faience-quimper.fr/wp-content/uploads/2020/12/Tresors_bretons-237x300.jpg" class="attachment-medium size-medium" alt="Trésors bretons - Véronique Le Bagousse" srcset="http://www.amis-musee-faience-quimper.fr/wp-content/uploads/2020/12/Tresors_bretons-237x300.jpg 237w, http://www.amis-musee-faience-quimper.fr/wp-content/uploads/2020/12/Tresors_bretons.jpg 600w" sizes="auto, (max-width: 237px) 100vw, 237px" /></a></p>
<p>Couverture du livre : Trésors bretons, Objets prisés de vos greniers &#8211; éditions Coop Breizh.</p>

<p>Couverture du livre : Trésors bretons, Objets prisés de vos greniers &#8211; éditions Coop Breizh.</p>

Trésors bretons - Véronique Le Bagousse
