{"id":4776,"date":"2020-12-01T22:50:33","date_gmt":"2020-12-01T21:50:33","guid":{"rendered":"http:\/\/www.amis-musee-faience-quimper.fr\/wp-content\/uploads\/2020\/12\/Livres_2020.jpg"},"modified":"2020-12-01T22:55:01","modified_gmt":"2020-12-01T21:55:01","slug":"livres_2020","status":"inherit","type":"attachment","link":"http:\/\/www.amis-musee-faience-quimper.fr\/index.php\/2020\/12\/02\/les-publications-a-paraitre-a-la-fin-de-lannee-2020\/livres_2020\/","title":{"rendered":"Livres_2020"},"author":1,"featured_media":0,"comment_status":"open","ping_status":"closed","template":"","meta":{"_monsterinsights_skip_tracking":false,"_monsterinsights_sitenote_active":false,"_monsterinsights_sitenote_note":"","_monsterinsights_sitenote_category":0,"jetpack_post_was_ever_published":false},"class_list":["post-4776","attachment","type-attachment","status-inherit","hentry"],"aioseo_notices":[],"jetpack_sharing_enabled":true,"jetpack_shortlink":"https:\/\/wp.me\/a8tKLp-1f2","description":{"rendered":"<p class=\"attachment\"><a href='http:\/\/www.amis-musee-faience-quimper.fr\/wp-content\/uploads\/2020\/12\/Livres_2020.jpg'><img loading=\"lazy\" decoding=\"async\" width=\"300\" height=\"236\" src=\"http:\/\/www.amis-musee-faience-quimper.fr\/wp-content\/uploads\/2020\/12\/Livres_2020-300x236.jpg\" class=\"attachment-medium size-medium\" alt=\"Livre fin 2020.\" srcset=\"http:\/\/www.amis-musee-faience-quimper.fr\/wp-content\/uploads\/2020\/12\/Livres_2020-300x236.jpg 300w, http:\/\/www.amis-musee-faience-quimper.fr\/wp-content\/uploads\/2020\/12\/Livres_2020-768x604.jpg 768w, http:\/\/www.amis-musee-faience-quimper.fr\/wp-content\/uploads\/2020\/12\/Livres_2020-382x300.jpg 382w, http:\/\/www.amis-musee-faience-quimper.fr\/wp-content\/uploads\/2020\/12\/Livres_2020.jpg 800w\" sizes=\"auto, (max-width: 300px) 100vw, 300px\" \/><\/a><\/p>\n<p>Les publications \u00e0 para\u00eetre \u00e0 la fin de l&rsquo;ann\u00e9e 2020.<\/p>\n"},"caption":{"rendered":"<p>Les publications \u00e0 para\u00eetre \u00e0 la fin de l&rsquo;ann\u00e9e 2020.<\/p>\n"},"alt_text":"Livre fin 2020.","media_type":"image","mime_type":"image\/jpeg","media_details":{"width":800,"height":629,"file":"2020\/12\/Livres_2020.jpg","sizes":{"medium":{"file":"Livres_2020-300x236.jpg","width":300,"height":236,"mime_type":"image\/jpeg","source_url":"http:\/\/www.amis-musee-faience-quimper.fr\/wp-content\/uploads\/2020\/12\/Livres_2020-300x236.jpg"},"thumbnail":{"file":"Livres_2020-150x150.jpg","width":150,"height":150,"mime_type":"image\/jpeg","source_url":"http:\/\/www.amis-musee-faience-quimper.fr\/wp-content\/uploads\/2020\/12\/Livres_2020-150x150.jpg"},"medium_large":{"file":"Livres_2020-768x604.jpg","width":768,"height":604,"mime_type":"image\/jpeg","source_url":"http:\/\/www.amis-musee-faience-quimper.fr\/wp-content\/uploads\/2020\/12\/Livres_2020-768x604.jpg"},"post-thumbnail":{"file":"Livres_2020-800x288.jpg","width":800,"height":288,"mime_type":"image\/jpeg","source_url":"http:\/\/www.amis-musee-faience-quimper.fr\/wp-content\/uploads\/2020\/12\/Livres_2020-800x288.jpg"},"large-feature":{"file":"Livres_2020-800x288.jpg","width":800,"height":288,"mime_type":"image\/jpeg","source_url":"http:\/\/www.amis-musee-faience-quimper.fr\/wp-content\/uploads\/2020\/12\/Livres_2020-800x288.jpg"},"small-feature":{"file":"Livres_2020-382x300.jpg","width":382,"height":300,"mime_type":"image\/jpeg","source_url":"http:\/\/www.amis-musee-faience-quimper.fr\/wp-content\/uploads\/2020\/12\/Livres_2020-382x300.jpg"},"full":{"file":"Livres_2020.jpg","width":800,"height":629,"mime_type":"image\/jpeg","source_url":"http:\/\/www.amis-musee-faience-quimper.fr\/wp-content\/uploads\/2020\/12\/Livres_2020.jpg"}},"image_meta":{"aperture":"0","credit":"","camera":"","caption":"","created_timestamp":"0","copyright":"","focal_length":"0","iso":"0","shutter_speed":"0","title":"","orientation":"1","keywords":[]}},"post":4771,"source_url":"http:\/\/www.amis-musee-faience-quimper.fr\/wp-content\/uploads\/2020\/12\/Livres_2020.jpg","_links":{"self":[{"href":"http:\/\/www.amis-musee-faience-quimper.fr\/index.php\/wp-json\/wp\/v2\/media\/4776","targetHints":{"allow":["GET"]}}],"collection":[{"href":"http:\/\/www.amis-musee-faience-quimper.fr\/index.php\/wp-json\/wp\/v2\/media"}],"about":[{"href":"http:\/\/www.amis-musee-faience-quimper.fr\/index.php\/wp-json\/wp\/v2\/types\/attachment"}],"author":[{"embeddable":true,"href":"http:\/\/www.amis-musee-faience-quimper.fr\/index.php\/wp-json\/wp\/v2\/users\/1"}],"replies":[{"embeddable":true,"href":"http:\/\/www.amis-musee-faience-quimper.fr\/index.php\/wp-json\/wp\/v2\/comments?post=4776"}],"wp:attached-to":[{"embeddable":true,"post_type":"post","id":4771,"href":"http:\/\/www.amis-musee-faience-quimper.fr\/index.php\/wp-json\/wp\/v2\/posts\/4771"}],"curies":[{"name":"wp","href":"https:\/\/api.w.org\/{rel}","templated":true}]}}

<p class="attachment"><a href='http://www.amis-musee-faience-quimper.fr/wp-content/uploads/2020/12/Livres_2020.jpg'><img loading="lazy" decoding="async" width="300" height="236" src="http://www.amis-musee-faience-quimper.fr/wp-content/uploads/2020/12/Livres_2020-300x236.jpg" class="attachment-medium size-medium" alt="Livre fin 2020." srcset="http://www.amis-musee-faience-quimper.fr/wp-content/uploads/2020/12/Livres_2020-300x236.jpg 300w, http://www.amis-musee-faience-quimper.fr/wp-content/uploads/2020/12/Livres_2020-768x604.jpg 768w, http://www.amis-musee-faience-quimper.fr/wp-content/uploads/2020/12/Livres_2020-382x300.jpg 382w, http://www.amis-musee-faience-quimper.fr/wp-content/uploads/2020/12/Livres_2020.jpg 800w" sizes="auto, (max-width: 300px) 100vw, 300px" /></a></p>
<p>Les publications à paraître à la fin de l&rsquo;année 2020.</p>

<p>Les publications à paraître à la fin de l&rsquo;année 2020.</p>
