{"id":1619,"date":"2018-04-05T20:52:35","date_gmt":"2018-04-05T18:52:35","guid":{"rendered":"http:\/\/www.amis-musee-faience-quimper.fr\/wp-content\/uploads\/2018\/04\/2018.jpg"},"modified":"2018-04-05T20:57:21","modified_gmt":"2018-04-05T18:57:21","slug":"2018","status":"inherit","type":"attachment","link":"http:\/\/www.amis-musee-faience-quimper.fr\/index.php\/expositions\/attachment\/2018\/","title":{"rendered":"2018"},"author":1,"featured_media":0,"comment_status":"open","ping_status":"closed","template":"","meta":{"_monsterinsights_skip_tracking":false,"_monsterinsights_sitenote_active":false,"_monsterinsights_sitenote_note":"","_monsterinsights_sitenote_category":0,"jetpack_post_was_ever_published":false},"class_list":["post-1619","attachment","type-attachment","status-inherit","hentry"],"aioseo_notices":[],"jetpack_sharing_enabled":true,"jetpack_shortlink":"https:\/\/wp.me\/a8tKLp-q7","description":{"rendered":"<p class=\"attachment\"><a href='http:\/\/www.amis-musee-faience-quimper.fr\/wp-content\/uploads\/2018\/04\/2018.jpg'><img loading=\"lazy\" decoding=\"async\" width=\"172\" height=\"300\" src=\"http:\/\/www.amis-musee-faience-quimper.fr\/wp-content\/uploads\/2018\/04\/2018-172x300.jpg\" class=\"attachment-medium size-medium\" alt=\"Jeanne Malivel pionni\u00e8re de l&#039;art moderne breton.\" srcset=\"http:\/\/www.amis-musee-faience-quimper.fr\/wp-content\/uploads\/2018\/04\/2018-172x300.jpg 172w, http:\/\/www.amis-musee-faience-quimper.fr\/wp-content\/uploads\/2018\/04\/2018.jpg 380w\" sizes=\"auto, (max-width: 172px) 100vw, 172px\" \/><\/a><\/p>\n<p>Affiche de l&rsquo;exposition th\u00e9matique du Mus\u00e9e de la Fa\u00efence de Quimper en 2018.<\/p>\n"},"caption":{"rendered":"<p>Affiche de l&rsquo;exposition th\u00e9matique du Mus\u00e9e de la Fa\u00efence de Quimper en 2018.<\/p>\n"},"alt_text":"Jeanne Malivel pionni\u00e8re de l'art moderne breton.","media_type":"image","mime_type":"image\/jpeg","media_details":{"width":380,"height":662,"file":"2018\/04\/2018.jpg","sizes":{"thumbnail":{"file":"2018-150x150.jpg","width":150,"height":150,"mime_type":"image\/jpeg","source_url":"http:\/\/www.amis-musee-faience-quimper.fr\/wp-content\/uploads\/2018\/04\/2018-150x150.jpg"},"medium":{"file":"2018-172x300.jpg","width":172,"height":300,"mime_type":"image\/jpeg","source_url":"http:\/\/www.amis-musee-faience-quimper.fr\/wp-content\/uploads\/2018\/04\/2018-172x300.jpg"},"post-thumbnail":{"file":"2018-380x288.jpg","width":380,"height":288,"mime_type":"image\/jpeg","source_url":"http:\/\/www.amis-musee-faience-quimper.fr\/wp-content\/uploads\/2018\/04\/2018-380x288.jpg"},"large-feature":{"file":"2018-380x288.jpg","width":380,"height":288,"mime_type":"image\/jpeg","source_url":"http:\/\/www.amis-musee-faience-quimper.fr\/wp-content\/uploads\/2018\/04\/2018-380x288.jpg"},"small-feature":{"file":"2018-172x300.jpg","width":172,"height":300,"mime_type":"image\/jpeg","source_url":"http:\/\/www.amis-musee-faience-quimper.fr\/wp-content\/uploads\/2018\/04\/2018-172x300.jpg"},"full":{"file":"2018.jpg","width":380,"height":662,"mime_type":"image\/jpeg","source_url":"http:\/\/www.amis-musee-faience-quimper.fr\/wp-content\/uploads\/2018\/04\/2018.jpg"}},"image_meta":{"aperture":"0","credit":"","camera":"","caption":"","created_timestamp":"0","copyright":"","focal_length":"0","iso":"0","shutter_speed":"0","title":"","orientation":"1","keywords":[]}},"post":37,"source_url":"http:\/\/www.amis-musee-faience-quimper.fr\/wp-content\/uploads\/2018\/04\/2018.jpg","_links":{"self":[{"href":"http:\/\/www.amis-musee-faience-quimper.fr\/index.php\/wp-json\/wp\/v2\/media\/1619","targetHints":{"allow":["GET"]}}],"collection":[{"href":"http:\/\/www.amis-musee-faience-quimper.fr\/index.php\/wp-json\/wp\/v2\/media"}],"about":[{"href":"http:\/\/www.amis-musee-faience-quimper.fr\/index.php\/wp-json\/wp\/v2\/types\/attachment"}],"author":[{"embeddable":true,"href":"http:\/\/www.amis-musee-faience-quimper.fr\/index.php\/wp-json\/wp\/v2\/users\/1"}],"replies":[{"embeddable":true,"href":"http:\/\/www.amis-musee-faience-quimper.fr\/index.php\/wp-json\/wp\/v2\/comments?post=1619"}],"wp:attached-to":[{"embeddable":true,"post_type":"page","id":37,"href":"http:\/\/www.amis-musee-faience-quimper.fr\/index.php\/wp-json\/wp\/v2\/pages\/37"}],"curies":[{"name":"wp","href":"https:\/\/api.w.org\/{rel}","templated":true}]}}

<p class="attachment"><a href='http://www.amis-musee-faience-quimper.fr/wp-content/uploads/2018/04/2018.jpg'><img loading="lazy" decoding="async" width="172" height="300" src="http://www.amis-musee-faience-quimper.fr/wp-content/uploads/2018/04/2018-172x300.jpg" class="attachment-medium size-medium" alt="Jeanne Malivel pionnière de l&#039;art moderne breton." srcset="http://www.amis-musee-faience-quimper.fr/wp-content/uploads/2018/04/2018-172x300.jpg 172w, http://www.amis-musee-faience-quimper.fr/wp-content/uploads/2018/04/2018.jpg 380w" sizes="auto, (max-width: 172px) 100vw, 172px" /></a></p>
<p>Affiche de l&rsquo;exposition thématique du Musée de la Faïence de Quimper en 2018.</p>

<p>Affiche de l&rsquo;exposition thématique du Musée de la Faïence de Quimper en 2018.</p>

Jeanne Malivel pionnière de l'art moderne breton.
