{"id":1425,"date":"2018-02-23T14:12:46","date_gmt":"2018-02-23T13:12:46","guid":{"rendered":"http:\/\/www.amis-musee-faience-quimper.fr\/wp-content\/uploads\/2018\/02\/2015.jpg"},"modified":"2018-02-23T14:37:38","modified_gmt":"2018-02-23T13:37:38","slug":"2015-3","status":"inherit","type":"attachment","link":"http:\/\/www.amis-musee-faience-quimper.fr\/index.php\/expositions\/2015-3\/","title":{"rendered":"2015"},"author":1,"featured_media":0,"comment_status":"open","ping_status":"closed","template":"","meta":{"_monsterinsights_skip_tracking":false,"_monsterinsights_sitenote_active":false,"_monsterinsights_sitenote_note":"","_monsterinsights_sitenote_category":0,"jetpack_post_was_ever_published":false},"class_list":["post-1425","attachment","type-attachment","status-inherit","hentry"],"aioseo_notices":[],"jetpack_sharing_enabled":true,"jetpack_shortlink":"https:\/\/wp.me\/a8tKLp-mZ","description":{"rendered":"<p class=\"attachment\"><a href='http:\/\/www.amis-musee-faience-quimper.fr\/wp-content\/uploads\/2018\/02\/2015.jpg'><img loading=\"lazy\" decoding=\"async\" width=\"172\" height=\"300\" src=\"http:\/\/www.amis-musee-faience-quimper.fr\/wp-content\/uploads\/2018\/02\/2015-172x300.jpg\" class=\"attachment-medium size-medium\" alt=\"Paul Fouillen - Fa\u00efencier quimp\u00e9rois, Maurice Fouillen.\" srcset=\"http:\/\/www.amis-musee-faience-quimper.fr\/wp-content\/uploads\/2018\/02\/2015-172x300.jpg 172w, http:\/\/www.amis-musee-faience-quimper.fr\/wp-content\/uploads\/2018\/02\/2015.jpg 380w\" sizes=\"auto, (max-width: 172px) 100vw, 172px\" \/><\/a><\/p>\n<p>Affiche de l&rsquo;exposition th\u00e9matique du Mus\u00e9e de la Fa\u00efence de Quimper en 2015.<\/p>\n"},"caption":{"rendered":"<p>Affiche de l&rsquo;exposition th\u00e9matique du Mus\u00e9e de la Fa\u00efence de Quimper en 2015.<\/p>\n"},"alt_text":"Paul Fouillen - Fa\u00efencier quimp\u00e9rois, Maurice Fouillen.","media_type":"image","mime_type":"image\/jpeg","media_details":{"width":380,"height":662,"file":"2018\/02\/2015.jpg","sizes":{"thumbnail":{"file":"2015-150x150.jpg","width":150,"height":150,"mime_type":"image\/jpeg","source_url":"http:\/\/www.amis-musee-faience-quimper.fr\/wp-content\/uploads\/2018\/02\/2015-150x150.jpg"},"medium":{"file":"2015-172x300.jpg","width":172,"height":300,"mime_type":"image\/jpeg","source_url":"http:\/\/www.amis-musee-faience-quimper.fr\/wp-content\/uploads\/2018\/02\/2015-172x300.jpg"},"post-thumbnail":{"file":"2015-380x288.jpg","width":380,"height":288,"mime_type":"image\/jpeg","source_url":"http:\/\/www.amis-musee-faience-quimper.fr\/wp-content\/uploads\/2018\/02\/2015-380x288.jpg"},"large-feature":{"file":"2015-380x288.jpg","width":380,"height":288,"mime_type":"image\/jpeg","source_url":"http:\/\/www.amis-musee-faience-quimper.fr\/wp-content\/uploads\/2018\/02\/2015-380x288.jpg"},"small-feature":{"file":"2015-172x300.jpg","width":172,"height":300,"mime_type":"image\/jpeg","source_url":"http:\/\/www.amis-musee-faience-quimper.fr\/wp-content\/uploads\/2018\/02\/2015-172x300.jpg"},"full":{"file":"2015.jpg","width":380,"height":662,"mime_type":"image\/jpeg","source_url":"http:\/\/www.amis-musee-faience-quimper.fr\/wp-content\/uploads\/2018\/02\/2015.jpg"}},"image_meta":{"aperture":"14","credit":"","camera":"NIKON D800E","caption":"","created_timestamp":"1420037728","copyright":"","focal_length":"105","iso":"100","shutter_speed":"0.004","title":"","orientation":"1","keywords":[]}},"post":37,"source_url":"http:\/\/www.amis-musee-faience-quimper.fr\/wp-content\/uploads\/2018\/02\/2015.jpg","_links":{"self":[{"href":"http:\/\/www.amis-musee-faience-quimper.fr\/index.php\/wp-json\/wp\/v2\/media\/1425","targetHints":{"allow":["GET"]}}],"collection":[{"href":"http:\/\/www.amis-musee-faience-quimper.fr\/index.php\/wp-json\/wp\/v2\/media"}],"about":[{"href":"http:\/\/www.amis-musee-faience-quimper.fr\/index.php\/wp-json\/wp\/v2\/types\/attachment"}],"author":[{"embeddable":true,"href":"http:\/\/www.amis-musee-faience-quimper.fr\/index.php\/wp-json\/wp\/v2\/users\/1"}],"replies":[{"embeddable":true,"href":"http:\/\/www.amis-musee-faience-quimper.fr\/index.php\/wp-json\/wp\/v2\/comments?post=1425"}],"wp:attached-to":[{"embeddable":true,"post_type":"page","id":37,"href":"http:\/\/www.amis-musee-faience-quimper.fr\/index.php\/wp-json\/wp\/v2\/pages\/37"}],"curies":[{"name":"wp","href":"https:\/\/api.w.org\/{rel}","templated":true}]}}

<p class="attachment"><a href='http://www.amis-musee-faience-quimper.fr/wp-content/uploads/2018/02/2015.jpg'><img loading="lazy" decoding="async" width="172" height="300" src="http://www.amis-musee-faience-quimper.fr/wp-content/uploads/2018/02/2015-172x300.jpg" class="attachment-medium size-medium" alt="Paul Fouillen - Faïencier quimpérois, Maurice Fouillen." srcset="http://www.amis-musee-faience-quimper.fr/wp-content/uploads/2018/02/2015-172x300.jpg 172w, http://www.amis-musee-faience-quimper.fr/wp-content/uploads/2018/02/2015.jpg 380w" sizes="auto, (max-width: 172px) 100vw, 172px" /></a></p>
<p>Affiche de l&rsquo;exposition thématique du Musée de la Faïence de Quimper en 2015.</p>

<p>Affiche de l&rsquo;exposition thématique du Musée de la Faïence de Quimper en 2015.</p>

Paul Fouillen - Faïencier quimpérois, Maurice Fouillen.
